CRAN Package Check Results for Package tomba

Last updated on 2023-01-28 23:51:54 CET.

Flavor Version Tinstall Tcheck Ttotal Status Flags
r-devel-linux-x86_64-debian-clang 1.0.1 2.53 27.13 29.66 OK
r-devel-linux-x86_64-debian-gcc 1.0.1 2.18 21.89 24.07 OK
r-devel-linux-x86_64-fedora-clang 1.0.1 38.34 NOTE
r-devel-linux-x86_64-fedora-gcc 1.0.1 37.25 NOTE
r-patched-linux-x86_64 1.0.1 2.73 27.38 30.11 OK
r-release-linux-x86_64 1.0.1 1.97 26.37 28.34 OK
r-release-macos-arm64 1.0.1 18.00 NOTE
r-release-macos-x86_64 1.0.1 27.00 NOTE
r-release-windows-x86_64 1.0.1 25.00 55.00 80.00 OK
r-oldrel-macos-arm64 1.0.1 19.00 NOTE
r-oldrel-macos-x86_64 1.0.1 25.00 NOTE
r-oldrel-windows-ix86+x86_64 1.0.1 7.00 51.00 58.00 OK

Check Details

Version: 1.0.1
Check: dependencies in R code
Result: NOTE
    Namespace in Imports field not imported from: ‘testthat’
     All declared Imports should be used.
Flavors: r-devel-linux-x86_64-fedora-clang, r-devel-linux-x86_64-fedora-gcc, r-release-macos-arm64, r-release-macos-x86_64, r-oldrel-macos-arm64, r-oldrel-macos-x86_64