Last updated on 2022-06-26 23:52:12 CEST.
Flavor | Version | Tinstall | Tcheck | Ttotal | Status | Flags |
---|---|---|---|---|---|---|
r-devel-linux-x86_64-debian-clang | 0.1.0 | 119.68 | 29.80 | 149.48 | OK | |
r-devel-linux-x86_64-debian-gcc | 0.1.0 | 104.31 | 23.98 | 128.29 | OK | |
r-devel-linux-x86_64-fedora-clang | 0.1.0 | 244.80 | OK | |||
r-devel-linux-x86_64-fedora-gcc | 0.1.0 | 215.30 | OK | |||
r-devel-windows-x86_64 | 0.1.0 | 117.00 | 78.00 | 195.00 | OK | |
r-patched-linux-x86_64 | 0.1.0 | 107.67 | 28.56 | 136.23 | OK | |
r-release-linux-x86_64 | 0.1.0 | 108.34 | 29.16 | 137.50 | OK | |
r-release-macos-arm64 | 0.1.0 | 52.00 | NOTE | |||
r-release-macos-x86_64 | 0.1.0 | 73.00 | NOTE | |||
r-release-windows-x86_64 | 0.1.0 | 106.00 | 77.00 | 183.00 | OK | |
r-oldrel-macos-arm64 | 0.1.0 | 56.00 | NOTE | |||
r-oldrel-macos-x86_64 | 0.1.0 | 101.00 | NOTE | |||
r-oldrel-windows-ix86+x86_64 | 0.1.0 | 279.00 | 81.00 | 360.00 | OK |
Version: 0.1.0
Check: installed package size
Result: NOTE
installed size is 6.2Mb
sub-directories of 1Mb or more:
libs 5.2Mb
Flavors: r-release-macos-arm64, r-release-macos-x86_64, r-oldrel-macos-arm64, r-oldrel-macos-x86_64