CRAN Package Check Results for Package tmvtnorm

Last updated on 2020-11-27 00:09:10 CET.

Flavor Version Tinstall Tcheck Ttotal Status Flags
r-devel-linux-x86_64-debian-clang 1.4-10 13.86 110.69 124.55 OK
r-devel-linux-x86_64-debian-gcc 1.4-10 9.62 86.85 96.47 OK
r-devel-linux-x86_64-fedora-clang 1.4-10 147.30 NOTE
r-devel-linux-x86_64-fedora-gcc 1.4-10 136.88 NOTE
r-devel-windows-ix86+x86_64 1.4-10 27.00 188.00 215.00 OK
r-patched-linux-x86_64 1.4-10 13.89 104.80 118.69 OK
r-patched-solaris-x86 1.4-10 182.70 OK
r-release-linux-x86_64 1.4-10 13.60 103.90 117.50 OK
r-release-macos-x86_64 1.4-10 OK
r-release-windows-ix86+x86_64 1.4-10 25.00 194.00 219.00 OK
r-oldrel-macos-x86_64 1.4-10 OK
r-oldrel-windows-ix86+x86_64 1.4-10 23.00 152.00 175.00 OK

Check Details

Version: 1.4-10
Check: compiled code
Result: NOTE
    File ‘tmvtnorm/libs/tmvtnorm.so’:
     Found no calls to: ‘R_registerRoutines’, ‘R_useDynamicSymbols’
    
    It is good practice to register native routines and to disable symbol
    search.
    
    See ‘Writing portable packages’ in the ‘Writing R Extensions’ manual.
Flavors: r-devel-linux-x86_64-fedora-clang, r-devel-linux-x86_64-fedora-gcc