CRAN Package Check Results for Package tmbstan

Last updated on 2019-10-20 23:47:39 CEST.

Flavor Version Tinstall Tcheck Ttotal Status Flags
r-devel-linux-x86_64-debian-clang 1.0.2 98.53 85.60 184.13 OK
r-devel-linux-x86_64-debian-gcc 1.0.2 92.53 70.89 163.42 OK
r-devel-linux-x86_64-fedora-clang 1.0.2 236.57 NOTE
r-devel-linux-x86_64-fedora-gcc 1.0.2 267.09 OK
r-devel-windows-ix86+x86_64 1.0.2 191.00 222.00 413.00 OK
r-patched-linux-x86_64 1.0.2 89.82 86.42 176.24 OK
r-patched-solaris-x86 1.0.2 289.80 OK
r-release-linux-x86_64 1.0.2 92.34 87.72 180.06 OK
r-release-windows-ix86+x86_64 1.0.2 244.00 145.00 389.00 OK
r-release-osx-x86_64 1.0.2 NOTE
r-oldrel-windows-ix86+x86_64 1.0.2 163.00 130.00 293.00 OK
r-oldrel-osx-x86_64 1.0.2 NOTE

Check Details

Version: 1.0.2
Check: installed package size
Result: NOTE
     installed size is 24.0Mb
     sub-directories of 1Mb or more:
     libs 23.8Mb
Flavors: r-devel-linux-x86_64-fedora-clang, r-release-osx-x86_64, r-oldrel-osx-x86_64