CRAN Package Check Results for Package tmbstan

Last updated on 2019-07-15 00:50:54 CEST.

Flavor Version Tinstall Tcheck Ttotal Status Flags
r-devel-linux-x86_64-debian-clang 1.0.2 90.73 86.26 176.99 OK
r-devel-linux-x86_64-debian-gcc 1.0.2 82.87 70.92 153.79 OK
r-devel-linux-x86_64-fedora-clang 1.0.2 232.13 NOTE
r-devel-linux-x86_64-fedora-gcc 1.0.2 267.65 OK
r-devel-windows-ix86+x86_64 1.0.2 161.00 136.00 297.00 OK
r-patched-linux-x86_64 1.0.2 99.22 88.03 187.25 OK
r-patched-solaris-x86 1.0.2 289.60 OK
r-release-linux-x86_64 1.0.2 96.32 88.24 184.56 OK
r-release-windows-ix86+x86_64 1.0.2 173.00 184.00 357.00 OK
r-release-osx-x86_64 1.0.2 NOTE
r-oldrel-windows-ix86+x86_64 1.0.2 211.00 135.00 346.00 OK
r-oldrel-osx-x86_64 1.0.2 NOTE

Check Details

Version: 1.0.2
Check: installed package size
Result: NOTE
     installed size is 23.3Mb
     sub-directories of 1Mb or more:
     libs 23.1Mb
Flavors: r-devel-linux-x86_64-fedora-clang, r-release-osx-x86_64, r-oldrel-osx-x86_64