CRAN Package Check Results for Package tmap

Last updated on 2020-11-23 23:50:51 CET.

Flavor Version Tinstall Tcheck Ttotal Status Flags
r-devel-linux-x86_64-debian-clang 3.2 39.32 254.84 294.16 OK
r-devel-linux-x86_64-debian-gcc 3.2 24.75 189.18 213.93 OK
r-devel-linux-x86_64-fedora-clang 3.2 348.66 OK
r-devel-linux-x86_64-fedora-gcc 3.2 348.11 OK
r-devel-windows-ix86+x86_64 3.2 48.00 222.00 270.00 OK
r-patched-linux-x86_64 3.2 30.22 244.53 274.75 OK
r-patched-solaris-x86 3.2 403.80 NOTE
r-release-linux-x86_64 3.2 30.63 245.59 276.22 OK
r-release-macos-x86_64 3.2 OK
r-release-windows-ix86+x86_64 3.2 41.00 252.00 293.00 OK
r-oldrel-macos-x86_64 3.2 OK
r-oldrel-windows-ix86+x86_64 3.2 36.00 294.00 330.00 OK

Check Details

Version: 3.2
Check: package dependencies
Result: NOTE
    Packages suggested but not available for checking: 'av', 'gifski'
Flavor: r-patched-solaris-x86