CRAN Package Check Results for Package tm.plugin.webmining

Last updated on 2019-11-10 23:48:43 CET.

Flavor Version Tinstall Tcheck Ttotal Status Flags
r-devel-linux-x86_64-debian-clang 1.3 6.38 58.85 65.23 NOTE
r-devel-linux-x86_64-debian-gcc 1.3 5.68 45.78 51.46 NOTE
r-devel-linux-x86_64-fedora-clang 1.3 81.26 NOTE
r-devel-linux-x86_64-fedora-gcc 1.3 82.13 NOTE
r-devel-windows-ix86+x86_64 1.3 9.00 6.00 15.00 ERROR
r-patched-linux-x86_64 1.3 6.73 57.20 63.93 NOTE
r-patched-solaris-x86 1.3 127.30 NOTE
r-release-linux-x86_64 1.3 7.14 57.49 64.63 NOTE
r-release-windows-ix86+x86_64 1.3 17.00 121.00 138.00 NOTE
r-release-osx-x86_64 1.3 NOTE
r-oldrel-windows-ix86+x86_64 1.3 11.00 75.00 86.00 NOTE
r-oldrel-osx-x86_64 1.3 NOTE

Check Details

Version: 1.3
Check: R code for possible problems
Result: NOTE
    extractContentDOM: no visible global function definition for
     'capture.output'
    extractHTMLStrip: no visible global function definition for
     'capture.output'
    Undefined global functions or variables:
     capture.output
    Consider adding
     importFrom("utils", "capture.output")
    to your NAMESPACE file.
Flavors: r-devel-linux-x86_64-debian-clang, r-devel-linux-x86_64-debian-gcc, r-devel-linux-x86_64-fedora-clang, r-devel-linux-x86_64-fedora-gcc, r-patched-linux-x86_64, r-patched-solaris-x86, r-release-linux-x86_64, r-release-windows-ix86+x86_64, r-release-osx-x86_64, r-oldrel-windows-ix86+x86_64, r-oldrel-osx-x86_64

Version: 1.3
Check: whether package can be installed
Result: ERROR
    Installation failed.
Flavor: r-devel-windows-ix86+x86_64