CRAN Package Check Results for Package tm.plugin.webmining

Last updated on 2019-07-15 00:50:54 CEST.

Flavor Version Tinstall Tcheck Ttotal Status Flags
r-devel-linux-x86_64-debian-clang 1.3 6.22 58.56 64.78 NOTE
r-devel-linux-x86_64-debian-gcc 1.3 5.94 46.34 52.28 NOTE
r-devel-linux-x86_64-fedora-clang 1.3 78.50 NOTE
r-devel-linux-x86_64-fedora-gcc 1.3 77.78 NOTE
r-devel-windows-ix86+x86_64 1.3 12.00 83.00 95.00 NOTE
r-patched-linux-x86_64 1.3 7.03 57.44 64.47 NOTE
r-patched-solaris-x86 1.3 133.10 NOTE
r-release-linux-x86_64 1.3 6.32 57.71 64.03 NOTE
r-release-windows-ix86+x86_64 1.3 13.00 111.00 124.00 NOTE
r-release-osx-x86_64 1.3 NOTE
r-oldrel-windows-ix86+x86_64 1.3 9.00 75.00 84.00 NOTE
r-oldrel-osx-x86_64 1.3 NOTE

Check Details

Version: 1.3
Check: R code for possible problems
Result: NOTE
    extractContentDOM: no visible global function definition for
     'capture.output'
    extractHTMLStrip: no visible global function definition for
     'capture.output'
    Undefined global functions or variables:
     capture.output
    Consider adding
     importFrom("utils", "capture.output")
    to your NAMESPACE file.
Flavors: r-devel-linux-x86_64-debian-clang, r-devel-linux-x86_64-debian-gcc, r-devel-linux-x86_64-fedora-clang, r-devel-linux-x86_64-fedora-gcc, r-devel-windows-ix86+x86_64, r-patched-linux-x86_64, r-patched-solaris-x86, r-release-linux-x86_64, r-release-windows-ix86+x86_64, r-release-osx-x86_64, r-oldrel-windows-ix86+x86_64, r-oldrel-osx-x86_64