CRAN Package Check Results for Package tm

Last updated on 2021-04-14 23:47:30 CEST.

Flavor Version Tinstall Tcheck Ttotal Status Flags
r-devel-linux-x86_64-debian-clang 0.7-8 42.01 63.66 105.67 NOTE
r-devel-linux-x86_64-debian-gcc 0.7-8 23.87 49.46 73.33 NOTE
r-devel-linux-x86_64-fedora-clang 0.7-8 136.45 NOTE
r-devel-linux-x86_64-fedora-gcc 0.7-8 119.67 NOTE
r-devel-windows-ix86+x86_64 0.7-8 72.00 118.00 190.00 NOTE
r-devel-windows-x86_64-gcc10-UCRT 0.7-8 NOTE
r-patched-linux-x86_64 0.7-8 34.04 61.02 95.06 NOTE
r-patched-solaris-x86 0.7-8 149.10 NOTE
r-release-linux-x86_64 0.7-8 32.96 60.86 93.82 NOTE
r-release-macos-x86_64 0.7-8 NOTE
r-release-windows-ix86+x86_64 0.7-8 62.00 132.00 194.00 NOTE
r-oldrel-macos-x86_64 0.7-8 NOTE
r-oldrel-windows-ix86+x86_64 0.7-8 72.00 96.00 168.00 NOTE

Check Details

Version: 0.7-8
Check: package dependencies
Result: NOTE
    Packages suggested but not available for checking:
     'Rcampdf', 'tm.lexicon.GeneralInquirer'
Flavors: r-devel-linux-x86_64-debian-clang, r-devel-linux-x86_64-debian-gcc, r-devel-linux-x86_64-fedora-clang, r-devel-linux-x86_64-fedora-gcc, r-patched-linux-x86_64, r-patched-solaris-x86, r-release-linux-x86_64

Version: 0.7-8
Check: Rd cross-references
Result: NOTE
    Undeclared packages ‘tm.plugin.dc’, ‘readtext’, ‘graph’, ‘tau’, ‘tokenizers’ in Rd xrefs
Flavor: r-devel-linux-x86_64-fedora-clang

Version: 0.7-8
Check: package dependencies
Result: NOTE
    Packages suggested but not available for checking:
     'Rcampdf', 'Rpoppler', 'tm.lexicon.GeneralInquirer'
Flavors: r-devel-windows-ix86+x86_64, r-release-macos-x86_64, r-release-windows-ix86+x86_64, r-oldrel-macos-x86_64, r-oldrel-windows-ix86+x86_64

Version: 0.7-8
Check: Rd cross-references
Result: NOTE
    Package unavailable to check Rd xrefs: 'Rpoppler'
Flavors: r-devel-windows-ix86+x86_64, r-devel-windows-x86_64-gcc10-UCRT, r-release-macos-x86_64, r-release-windows-ix86+x86_64, r-oldrel-macos-x86_64, r-oldrel-windows-ix86+x86_64

Version: 0.7-8
Check: package dependencies
Result: NOTE
    Packages suggested but not available for checking:
     'Rcampdf', 'Rgraphviz', 'Rpoppler', 'tm.lexicon.GeneralInquirer'
Flavor: r-devel-windows-x86_64-gcc10-UCRT