Last updated on 2021-04-17 23:48:43 CEST.
Flavor | Version | Tinstall | Tcheck | Ttotal | Status | Flags |
---|---|---|---|---|---|---|
r-devel-linux-x86_64-debian-clang | 0.1.0 | 3.74 | 91.92 | 95.66 | NOTE | |
r-devel-linux-x86_64-debian-gcc | 0.1.0 | 2.77 | 63.85 | 66.62 | NOTE | |
r-devel-linux-x86_64-fedora-clang | 0.1.0 | 116.11 | NOTE | |||
r-devel-linux-x86_64-fedora-gcc | 0.1.0 | 107.14 | NOTE | |||
r-devel-windows-ix86+x86_64 | 0.1.0 | 9.00 | 101.00 | 110.00 | NOTE | |
r-devel-windows-x86_64-gcc10-UCRT | 0.1.0 | NOTE | ||||
r-patched-linux-x86_64 | 0.1.0 | 3.81 | 83.96 | 87.77 | OK | |
r-patched-solaris-x86 | 0.1.0 | 147.90 | OK | |||
r-release-linux-x86_64 | 0.1.0 | 3.52 | 84.97 | 88.49 | OK | |
r-release-macos-x86_64 | 0.1.0 | OK | ||||
r-release-windows-ix86+x86_64 | 0.1.0 | 8.00 | 119.00 | 127.00 | OK | |
r-oldrel-macos-x86_64 | 0.1.0 | OK | ||||
r-oldrel-windows-ix86+x86_64 | 0.1.0 | 6.00 | 119.00 | 125.00 | OK |
Version: 0.1.0
Check: LazyData
Result: NOTE
'LazyData' is specified without a 'data' directory
Flavors: r-devel-linux-x86_64-debian-clang, r-devel-linux-x86_64-debian-gcc, r-devel-linux-x86_64-fedora-clang, r-devel-linux-x86_64-fedora-gcc, r-devel-windows-ix86+x86_64, r-devel-windows-x86_64-gcc10-UCRT