CRAN Package Check Results for Package tipsae

Last updated on 2022-12-09 23:52:22 CET.

Flavor Version Tinstall Tcheck Ttotal Status Flags
r-devel-linux-x86_64-debian-clang 0.0.9 211.78 160.59 372.37 NOTE
r-devel-linux-x86_64-debian-gcc 0.0.9 154.46 127.76 282.22 NOTE
r-devel-linux-x86_64-fedora-clang 0.0.9 476.06 NOTE
r-devel-linux-x86_64-fedora-gcc 0.0.9 543.65 NOTE
r-devel-windows-x86_64 0.0.9 356.00 258.00 614.00 NOTE
r-patched-linux-x86_64 0.0.9 163.77 157.40 321.17 NOTE
r-release-linux-x86_64 0.0.9 153.86 149.62 303.48 NOTE
r-release-macos-arm64 0.0.9 117.00 NOTE
r-release-macos-x86_64 0.0.9 174.00 NOTE
r-release-windows-x86_64 0.0.9 204.00 215.00 419.00 NOTE
r-oldrel-macos-arm64 0.0.9 135.00 NOTE
r-oldrel-macos-x86_64 0.0.9 176.00 NOTE
r-oldrel-windows-ix86+x86_64 0.0.9 376.00 282.00 658.00 NOTE

Check Details

Version: 0.0.9
Check: for GNU extensions in Makefiles
Result: NOTE
    GNU make is a SystemRequirements.
Flavors: r-devel-linux-x86_64-debian-clang, r-devel-linux-x86_64-debian-gcc, r-devel-linux-x86_64-fedora-clang, r-devel-linux-x86_64-fedora-gcc, r-devel-windows-x86_64, r-patched-linux-x86_64, r-release-linux-x86_64, r-release-macos-arm64, r-release-macos-x86_64, r-release-windows-x86_64, r-oldrel-macos-arm64, r-oldrel-macos-x86_64, r-oldrel-windows-ix86+x86_64

Version: 0.0.9
Check: installed package size
Result: NOTE
     installed size is 7.3Mb
     sub-directories of 1Mb or more:
     doc 2.3Mb
     libs 3.0Mb
Flavors: r-devel-linux-x86_64-fedora-clang, r-devel-windows-x86_64, r-release-macos-arm64, r-release-macos-x86_64, r-release-windows-x86_64, r-oldrel-macos-arm64, r-oldrel-macos-x86_64, r-oldrel-windows-ix86+x86_64

Version: 0.0.9
Check: dependencies in R code
Result: NOTE
    Namespace in Imports field not imported from: ‘sp’
     All declared Imports should be used.
Flavors: r-devel-linux-x86_64-fedora-clang, r-devel-linux-x86_64-fedora-gcc, r-release-macos-arm64, r-release-macos-x86_64, r-oldrel-macos-arm64, r-oldrel-macos-x86_64

Version: 0.0.9
Check: data for non-ASCII characters
Result: NOTE
     Note: found 1 marked UTF-8 string
Flavors: r-devel-linux-x86_64-fedora-clang, r-devel-linux-x86_64-fedora-gcc, r-release-macos-arm64, r-release-macos-x86_64, r-oldrel-macos-arm64, r-oldrel-macos-x86_64