CRAN Package Check Results for Package tipr

Last updated on 2020-01-19 23:47:00 CET.

Flavor Version Tinstall Tcheck Ttotal Status Flags
r-devel-linux-x86_64-debian-clang 0.1.1 2.18 22.41 24.59 OK
r-devel-linux-x86_64-debian-gcc 0.1.1 1.74 18.19 19.93 OK
r-devel-linux-x86_64-fedora-clang 0.1.1 30.50 NOTE
r-devel-linux-x86_64-fedora-gcc 0.1.1 29.49 NOTE
r-devel-windows-ix86+x86_64 0.1.1 11.00 48.00 59.00 OK
r-devel-windows-ix86+x86_64-gcc8 0.1.1 7.00 50.00 57.00 OK
r-patched-linux-x86_64 0.1.1 1.53 20.36 21.89 OK
r-patched-solaris-x86 0.1.1 43.50 NOTE
r-release-linux-x86_64 0.1.1 1.61 20.48 22.09 OK
r-release-windows-ix86+x86_64 0.1.1 8.00 33.00 41.00 OK
r-release-osx-x86_64 0.1.1 NOTE
r-oldrel-windows-ix86+x86_64 0.1.1 3.00 40.00 43.00 OK
r-oldrel-osx-x86_64 0.1.1 NOTE

Check Details

Version: 0.1.1
Check: dependencies in R code
Result: NOTE
    Namespaces in Imports field not imported from:
     ‘broom’ ‘tibble’
     All declared Imports should be used.
Flavors: r-devel-linux-x86_64-fedora-clang, r-devel-linux-x86_64-fedora-gcc, r-patched-solaris-x86, r-release-osx-x86_64, r-oldrel-osx-x86_64