CRAN Package Check Results for Package tipr

Last updated on 2019-09-15 23:46:34 CEST.

Flavor Version Tinstall Tcheck Ttotal Status Flags
r-devel-linux-x86_64-debian-clang 0.1.1 2.26 20.06 22.32 OK
r-devel-linux-x86_64-debian-gcc 0.1.1 1.82 16.70 18.52 OK
r-devel-linux-x86_64-fedora-clang 0.1.1 27.12 NOTE
r-devel-linux-x86_64-fedora-gcc 0.1.1 26.00 NOTE
r-devel-windows-ix86+x86_64 0.1.1 11.00 48.00 59.00 OK
r-patched-linux-x86_64 0.1.1 1.94 20.30 22.24 OK
r-patched-solaris-x86 0.1.1 41.60 NOTE
r-release-linux-x86_64 0.1.1 1.83 20.36 22.19 OK
r-release-windows-ix86+x86_64 0.1.1 6.00 53.00 59.00 OK
r-release-osx-x86_64 0.1.1 NOTE
r-oldrel-windows-ix86+x86_64 0.1.1 5.00 32.00 37.00 OK
r-oldrel-osx-x86_64 0.1.1 NOTE

Check Details

Version: 0.1.1
Check: dependencies in R code
Result: NOTE
    Namespaces in Imports field not imported from:
     ‘broom’ ‘tibble’
     All declared Imports should be used.
Flavors: r-devel-linux-x86_64-fedora-clang, r-devel-linux-x86_64-fedora-gcc, r-patched-solaris-x86, r-release-osx-x86_64, r-oldrel-osx-x86_64