CRAN Package Check Results for Package tint

Last updated on 2018-09-20 02:46:48 CEST.

Flavor Version Tinstall Tcheck Ttotal Status Flags
r-devel-linux-x86_64-debian-clang 0.1.0 2.04 231.40 233.44 OK
r-devel-linux-x86_64-debian-gcc 0.1.0 1.73 178.21 179.94 OK
r-devel-linux-x86_64-fedora-clang 0.1.0 265.79 NOTE
r-devel-linux-x86_64-fedora-gcc 0.1.0 261.71 OK
r-devel-windows-ix86+x86_64 0.1.0 5.00 85.00 90.00 NOTE
r-patched-linux-x86_64 0.1.0 1.74 229.80 231.54 OK
r-patched-solaris-x86 0.1.0 73.90 NOTE
r-release-linux-x86_64 0.1.0 1.89 234.44 236.33 OK
r-release-windows-ix86+x86_64 0.1.0 6.00 87.00 93.00 NOTE
r-release-osx-x86_64 0.1.0 NOTE
r-oldrel-windows-ix86+x86_64 0.1.0 4.00 123.00 127.00 NOTE
r-oldrel-osx-x86_64 0.1.0 NOTE

Check Details

Version: 0.1.0
Check: installed package size
Result: NOTE
     installed size is 5.2Mb
     sub-directories of 1Mb or more:
     doc 3.7Mb
     rmarkdown 1.3Mb
Flavors: r-devel-linux-x86_64-fedora-clang, r-devel-windows-ix86+x86_64, r-patched-solaris-x86, r-release-windows-ix86+x86_64, r-release-osx-x86_64, r-oldrel-windows-ix86+x86_64, r-oldrel-osx-x86_64