CRAN Package Check Results for Package tint

Last updated on 2018-07-20 02:51:47 CEST.

Flavor Version Tinstall Tcheck Ttotal Status Flags
r-devel-linux-x86_64-debian-clang 0.1.0 2.03 175.81 177.84 OK
r-devel-linux-x86_64-debian-gcc 0.1.0 1.62 188.22 189.84 OK
r-devel-linux-x86_64-fedora-clang 0.1.0 267.26 NOTE
r-devel-linux-x86_64-fedora-gcc 0.1.0 225.95 OK
r-devel-windows-ix86+x86_64 0.1.0 5.00 107.00 112.00 NOTE
r-patched-linux-x86_64 0.1.0 1.67 229.07 230.74 OK
r-patched-solaris-x86 0.1.0 77.80 NOTE
r-release-linux-x86_64 0.1.0 1.88 233.12 235.00 OK
r-release-windows-ix86+x86_64 0.1.0 9.00 80.00 89.00 NOTE
r-release-osx-x86_64 0.1.0 NOTE
r-oldrel-windows-ix86+x86_64 0.1.0 7.00 93.00 100.00 NOTE
r-oldrel-osx-x86_64 0.1.0 NOTE

Check Details

Version: 0.1.0
Check: installed package size
Result: NOTE
     installed size is 5.2Mb
     sub-directories of 1Mb or more:
     doc 3.7Mb
     rmarkdown 1.3Mb
Flavors: r-devel-linux-x86_64-fedora-clang, r-devel-windows-ix86+x86_64, r-patched-solaris-x86, r-release-windows-ix86+x86_64, r-release-osx-x86_64, r-oldrel-windows-ix86+x86_64, r-oldrel-osx-x86_64