CRAN Package Check Results for Package tint

Last updated on 2020-05-24 23:47:57 CEST.

Flavor Version Tinstall Tcheck Ttotal Status Flags
r-devel-linux-x86_64-debian-clang 0.1.2 2.90 43.51 46.41 OK
r-devel-linux-x86_64-debian-gcc 0.1.2 2.71 34.55 37.26 OK
r-devel-linux-x86_64-fedora-clang 0.1.2 60.40 NOTE
r-devel-linux-x86_64-fedora-gcc 0.1.2 58.30 NOTE
r-devel-windows-ix86+x86_64 0.1.2 13.00 69.00 82.00 OK
r-patched-linux-x86_64 0.1.2 3.46 43.51 46.97 OK
r-patched-solaris-x86 0.1.2 68.50 OK
r-release-linux-x86_64 0.1.2 2.86 44.22 47.08 OK
r-release-osx-x86_64 0.1.2 OK
r-release-windows-ix86+x86_64 0.1.2 9.00 91.00 100.00 OK
r-oldrel-osx-x86_64 0.1.2 OK
r-oldrel-windows-ix86+x86_64 0.1.2 7.00 103.00 110.00 OK

Check Details

Version: 0.1.2
Check: top-level files
Result: NOTE
    ‘cleanup’: /bin/bash is not portable
Flavors: r-devel-linux-x86_64-fedora-clang, r-devel-linux-x86_64-fedora-gcc