CRAN Package Check Results for Package tint

Last updated on 2019-03-25 02:49:29 CET.

Flavor Version Tinstall Tcheck Ttotal Status Flags
r-devel-linux-x86_64-debian-clang 0.1.0 2.72 231.17 233.89 OK
r-devel-linux-x86_64-debian-gcc 0.1.0 2.06 197.23 199.29 OK
r-devel-linux-x86_64-fedora-clang 0.1.0 282.89 NOTE
r-devel-linux-x86_64-fedora-gcc 0.1.0 286.09 OK
r-devel-windows-ix86+x86_64 0.1.0 10.00 113.00 123.00 NOTE
r-patched-linux-x86_64 0.1.0 1.45 231.42 232.87 OK
r-patched-solaris-x86 0.1.0 73.30 NOTE
r-release-linux-x86_64 0.1.0 2.16 230.54 232.70 OK
r-release-windows-ix86+x86_64 0.1.0 5.00 122.00 127.00 NOTE
r-release-osx-x86_64 0.1.0 NOTE
r-oldrel-windows-ix86+x86_64 0.1.0 5.00 126.00 131.00 NOTE
r-oldrel-osx-x86_64 0.1.0 NOTE

Check Details

Version: 0.1.0
Check: installed package size
Result: NOTE
     installed size is 5.2Mb
     sub-directories of 1Mb or more:
     doc 3.7Mb
     rmarkdown 1.3Mb
Flavors: r-devel-linux-x86_64-fedora-clang, r-devel-windows-ix86+x86_64, r-patched-solaris-x86, r-release-windows-ix86+x86_64, r-release-osx-x86_64, r-oldrel-windows-ix86+x86_64, r-oldrel-osx-x86_64