CRAN Package Check Results for Package tint

Last updated on 2018-12-09 02:46:42 CET.

Flavor Version Tinstall Tcheck Ttotal Status Flags
r-devel-linux-x86_64-debian-clang 0.1.0 1.72 234.42 236.14 OK
r-devel-linux-x86_64-debian-gcc 0.1.0 1.53 191.65 193.18 OK
r-devel-linux-x86_64-fedora-clang 0.1.0 257.51 NOTE
r-devel-linux-x86_64-fedora-gcc 0.1.0 266.99 OK
r-devel-windows-ix86+x86_64 0.1.0 5.00 78.00 83.00 NOTE
r-patched-linux-x86_64 0.1.0 1.85 234.20 236.05 OK
r-patched-solaris-x86 0.1.0 75.90 NOTE
r-release-linux-x86_64 0.1.0 2.01 232.71 234.72 OK
r-release-windows-ix86+x86_64 0.1.0 7.00 80.00 87.00 NOTE
r-release-osx-x86_64 0.1.0 NOTE
r-oldrel-windows-ix86+x86_64 0.1.0 5.00 95.00 100.00 NOTE
r-oldrel-osx-x86_64 0.1.0 NOTE

Check Details

Version: 0.1.0
Check: installed package size
Result: NOTE
     installed size is 5.2Mb
     sub-directories of 1Mb or more:
     doc 3.7Mb
     rmarkdown 1.3Mb
Flavors: r-devel-linux-x86_64-fedora-clang, r-devel-windows-ix86+x86_64, r-patched-solaris-x86, r-release-windows-ix86+x86_64, r-release-osx-x86_64, r-oldrel-windows-ix86+x86_64, r-oldrel-osx-x86_64