CRAN Package Check Results for Package timetk

Last updated on 2019-07-22 06:47:51 CEST.

Flavor Version Tinstall Tcheck Ttotal Status Flags
r-devel-linux-x86_64-debian-clang 0.1.1.1 5.16 96.17 101.33 OK
r-devel-linux-x86_64-debian-gcc 0.1.1.1 4.28 73.75 78.03 OK
r-devel-linux-x86_64-fedora-clang 0.1.1.1 121.59 NOTE
r-devel-linux-x86_64-fedora-gcc 0.1.1.1 124.39 NOTE
r-devel-windows-ix86+x86_64 0.1.1.1 12.00 182.00 194.00 OK
r-patched-linux-x86_64 0.1.1.1 5.29 91.77 97.06 OK
r-patched-solaris-x86 0.1.1.1 182.80 NOTE
r-release-linux-x86_64 0.1.1.1 5.00 93.81 98.81 OK
r-release-windows-ix86+x86_64 0.1.1.1 10.00 130.00 140.00 OK
r-release-osx-x86_64 0.1.1.1 NOTE
r-oldrel-windows-ix86+x86_64 0.1.1.1 11.00 146.00 157.00 OK
r-oldrel-osx-x86_64 0.1.1.1 NOTE

Check Details

Version: 0.1.1.1
Check: dependencies in R code
Result: NOTE
    Namespaces in Imports field not imported from:
     ‘devtools’ ‘forecast’
     All declared Imports should be used.
Flavors: r-devel-linux-x86_64-fedora-clang, r-devel-linux-x86_64-fedora-gcc, r-patched-solaris-x86, r-release-osx-x86_64, r-oldrel-osx-x86_64