CRAN Package Check Results for Package tiler

Last updated on 2021-01-27 23:49:33 CET.

Flavor Version Tinstall Tcheck Ttotal Status Flags
r-devel-linux-x86_64-debian-clang 0.2.4 2.40 33.08 35.48 OK
r-devel-linux-x86_64-debian-gcc 0.2.4 OK
r-devel-linux-x86_64-fedora-clang 0.2.4 52.39 NOTE
r-devel-linux-x86_64-fedora-gcc 0.2.4 42.56 NOTE
r-devel-windows-ix86+x86_64 0.2.4 5.00 51.00 56.00 OK
r-patched-linux-x86_64 0.2.4 2.26 32.35 34.61 OK
r-patched-solaris-x86 0.2.4 63.30 NOTE
r-release-linux-x86_64 0.2.4 2.18 32.14 34.32 OK
r-release-macos-x86_64 0.2.4 NOTE
r-release-windows-ix86+x86_64 0.2.4 5.00 39.00 44.00 OK
r-oldrel-macos-x86_64 0.2.4 NOTE
r-oldrel-windows-ix86+x86_64 0.2.4 3.00 47.00 50.00 OK

Check Details

Version: 0.2.4
Check: dependencies in R code
Result: NOTE
    Namespace in Imports field not imported from: ‘rgdal’
     All declared Imports should be used.
Flavors: r-devel-linux-x86_64-fedora-clang, r-devel-linux-x86_64-fedora-gcc, r-patched-solaris-x86, r-release-macos-x86_64, r-oldrel-macos-x86_64