CRAN Package Check Results for Package tilemaps

Last updated on 2021-04-22 23:49:58 CEST.

Flavor Version Tinstall Tcheck Ttotal Status Flags
r-devel-linux-x86_64-debian-clang 0.2.0 3.12 138.42 141.54 OK
r-devel-linux-x86_64-debian-gcc 0.2.0 2.42 96.56 98.98 OK
r-devel-linux-x86_64-fedora-clang 0.2.0 175.44 NOTE
r-devel-linux-x86_64-fedora-gcc 0.2.0 178.52 NOTE
r-devel-windows-ix86+x86_64 0.2.0 7.00 185.00 192.00 OK
r-devel-windows-x86_64-gcc10-UCRT 0.2.0 NOTE
r-patched-linux-x86_64 0.2.0 3.10 128.34 131.44 OK
r-patched-solaris-x86 0.2.0 218.30 NOTE
r-release-linux-x86_64 0.2.0 3.11 135.92 139.03 OK
r-release-macos-x86_64 0.2.0 NOTE
r-release-windows-ix86+x86_64 0.2.0 7.00 148.00 155.00 OK
r-oldrel-macos-x86_64 0.2.0 NOTE
r-oldrel-windows-ix86+x86_64 0.2.0 16.00 174.00 190.00 OK

Check Details

Version: 0.2.0
Check: dependencies in R code
Result: NOTE
    Namespace in Imports field not imported from: ‘lwgeom’
     All declared Imports should be used.
Flavors: r-devel-linux-x86_64-fedora-clang, r-devel-linux-x86_64-fedora-gcc, r-devel-windows-x86_64-gcc10-UCRT, r-patched-solaris-x86, r-release-macos-x86_64, r-oldrel-macos-x86_64