CRAN Package Check Results for Package tidyverse

Last updated on 2020-11-23 23:50:51 CET.

Flavor Version Tinstall Tcheck Ttotal Status Flags
r-devel-linux-x86_64-debian-clang 1.3.0 13.04 84.67 97.71 OK
r-devel-linux-x86_64-debian-gcc 1.3.0 8.53 65.46 73.99 OK
r-devel-linux-x86_64-fedora-clang 1.3.0 119.00 NOTE
r-devel-linux-x86_64-fedora-gcc 1.3.0 108.60 OK
r-devel-windows-ix86+x86_64 1.3.0 14.00 75.00 89.00 OK
r-patched-linux-x86_64 1.3.0 8.89 85.96 94.85 OK
r-patched-solaris-x86 1.3.0 153.40 OK
r-release-linux-x86_64 1.3.0 9.71 82.92 92.63 OK
r-release-macos-x86_64 1.3.0 OK
r-release-windows-ix86+x86_64 1.3.0 16.00 79.00 95.00 OK
r-oldrel-macos-x86_64 1.3.0 OK
r-oldrel-windows-ix86+x86_64 1.3.0 14.00 75.00 89.00 OK

Check Details

Version: 1.3.0
Check: package dependencies
Result: NOTE
    Imports includes 26 non-default packages.
    Importing from so many packages makes the package vulnerable to any of
    them becoming unavailable. Move as many as possible to Suggests and
    use conditionally.
Flavor: r-devel-linux-x86_64-fedora-clang