CRAN Package Check Results for Package tidytree

Last updated on 2021-02-23 23:50:49 CET.

Flavor Version Tinstall Tcheck Ttotal Status Flags
r-devel-linux-x86_64-debian-clang 0.3.3 6.08 55.96 62.04 OK
r-devel-linux-x86_64-debian-gcc 0.3.3 5.06 43.15 48.21 OK
r-devel-linux-x86_64-fedora-clang 0.3.3 89.30 NOTE
r-devel-linux-x86_64-fedora-gcc 0.3.3 71.75 NOTE
r-devel-windows-ix86+x86_64 0.3.3 12.00 57.00 69.00 OK
r-patched-linux-x86_64 0.3.3 6.14 52.21 58.35 OK
r-patched-solaris-x86 0.3.3 103.60 NOTE
r-release-linux-x86_64 0.3.3 6.05 51.70 57.75 OK
r-release-macos-x86_64 0.3.3 NOTE
r-release-windows-ix86+x86_64 0.3.3 18.00 80.00 98.00 OK
r-oldrel-macos-x86_64 0.3.3 NOTE
r-oldrel-windows-ix86+x86_64 0.3.3 9.00 57.00 66.00 OK

Check Details

Version: 0.3.3
Check: dependencies in R code
Result: NOTE
    Namespace in Imports field not imported from: ‘utils’
     All declared Imports should be used.
Flavors: r-devel-linux-x86_64-fedora-clang, r-devel-linux-x86_64-fedora-gcc, r-patched-solaris-x86, r-release-macos-x86_64, r-oldrel-macos-x86_64

Version: 0.3.3
Check: package dependencies
Result: NOTE
    Packages suggested but not available for checking: 'ggtree', 'treeio'
Flavor: r-release-macos-x86_64