CRAN Package Check Results for Package tidytransit

Last updated on 2023-01-31 23:52:33 CET.

Flavor Version Tinstall Tcheck Ttotal Status Flags
r-devel-linux-x86_64-debian-clang 1.4 11.76 249.06 260.82 ERROR
r-devel-linux-x86_64-debian-gcc 1.4 7.52 173.89 181.41 ERROR
r-devel-linux-x86_64-fedora-clang 1.4 271.53 ERROR
r-devel-linux-x86_64-fedora-gcc 1.4 300.52 ERROR
r-devel-windows-x86_64 1.4 48.00 300.00 348.00 ERROR
r-patched-linux-x86_64 1.4 11.03 215.84 226.87 OK
r-release-linux-x86_64 1.4 10.55 200.96 211.51 OK
r-release-macos-arm64 1.4 87.00 NOTE
r-release-macos-x86_64 1.4 124.00 NOTE
r-release-windows-x86_64 1.4 36.00 283.00 319.00 NOTE
r-oldrel-macos-arm64 1.4 91.00 NOTE
r-oldrel-macos-x86_64 1.4 130.00 NOTE
r-oldrel-windows-ix86+x86_64 1.4 25.00 262.00 287.00 NOTE

Check Details

Version: 1.4
Check: tests
Result: ERROR
     Running ‘testthat.R’ [81s/75s]
    Running the tests in ‘tests/testthat.R’ failed.
    Complete output:
     > library(testthat)
     > library(tidytransit)
     >
     > test_check("tidytransit")
     [ FAIL 1 | WARN 23 | SKIP 7 | PASS 219 ]
    
     ══ Skipped tests ═══════════════════════════════════════════════════════════════
     • On CRAN (7)
    
     ══ Failed tests ════════════════════════════════════════════════════════════════
     ── Failure ('test-read-gtfs.R:113'): files parameter ───────────────────────────
     `read_gtfs(path, files = f)` generated warnings:
     * Each row in `x` is expected to match at most 1 row in `y`.
     ℹ Row 6 of `x` matches multiple rows.
     ℹ If multiple matches are expected, set `multiple = "all"` to silence this
     warning.
    
     [ FAIL 1 | WARN 23 | SKIP 7 | PASS 219 ]
     Error: Test failures
     Execution halted
Flavor: r-devel-linux-x86_64-debian-clang

Version: 1.4
Check: tests
Result: ERROR
     Running ‘testthat.R’ [54s/79s]
    Running the tests in ‘tests/testthat.R’ failed.
    Complete output:
     > library(testthat)
     > library(tidytransit)
     >
     > test_check("tidytransit")
     [ FAIL 1 | WARN 23 | SKIP 7 | PASS 219 ]
    
     ══ Skipped tests ═══════════════════════════════════════════════════════════════
     • On CRAN (7)
    
     ══ Failed tests ════════════════════════════════════════════════════════════════
     ── Failure ('test-read-gtfs.R:113'): files parameter ───────────────────────────
     `read_gtfs(path, files = f)` generated warnings:
     * Each row in `x` is expected to match at most 1 row in `y`.
     ℹ Row 6 of `x` matches multiple rows.
     ℹ If multiple matches are expected, set `multiple = "all"` to silence this
     warning.
    
     [ FAIL 1 | WARN 23 | SKIP 7 | PASS 219 ]
     Error: Test failures
     Execution halted
Flavor: r-devel-linux-x86_64-debian-gcc

Version: 1.4
Check: installed package size
Result: NOTE
     installed size is 7.0Mb
     sub-directories of 1Mb or more:
     doc 2.1Mb
     extdata 4.5Mb
Flavors: r-devel-linux-x86_64-fedora-clang, r-devel-windows-x86_64, r-release-macos-arm64, r-release-macos-x86_64, r-release-windows-x86_64, r-oldrel-macos-arm64, r-oldrel-macos-x86_64, r-oldrel-windows-ix86+x86_64

Version: 1.4
Check: dependencies in R code
Result: NOTE
    Namespace in Imports field not imported from: ‘httr’
     All declared Imports should be used.
Flavors: r-devel-linux-x86_64-fedora-clang, r-devel-linux-x86_64-fedora-gcc, r-release-macos-arm64, r-release-macos-x86_64, r-oldrel-macos-arm64, r-oldrel-macos-x86_64

Version: 1.4
Check: tests
Result: ERROR
     Running ‘testthat.R’ [79s/72s]
    Running the tests in ‘tests/testthat.R’ failed.
    Complete output:
     > library(testthat)
     > library(tidytransit)
     >
     > test_check("tidytransit")
     [ FAIL 1 | WARN 23 | SKIP 7 | PASS 219 ]
    
     ══ Skipped tests ═══════════════════════════════════════════════════════════════
     • On CRAN (7)
    
     ══ Failed tests ════════════════════════════════════════════════════════════════
     ── Failure ('test-read-gtfs.R:113'): files parameter ───────────────────────────
     `read_gtfs(path, files = f)` generated warnings:
     * Each row in `x` is expected to match at most 1 row in `y`.
     ℹ Row 6 of `x` matches multiple rows.
     ℹ If multiple matches are expected, set `multiple = "all"` to silence this
     warning.
    
     [ FAIL 1 | WARN 23 | SKIP 7 | PASS 219 ]
     Error: Test failures
     Execution halted
Flavor: r-devel-linux-x86_64-fedora-clang

Version: 1.4
Check: tests
Result: ERROR
     Running ‘testthat.R’ [80s/147s]
    Running the tests in ‘tests/testthat.R’ failed.
    Complete output:
     > library(testthat)
     > library(tidytransit)
     >
     > test_check("tidytransit")
     [ FAIL 1 | WARN 23 | SKIP 7 | PASS 219 ]
    
     ══ Skipped tests ═══════════════════════════════════════════════════════════════
     • On CRAN (7)
    
     ══ Failed tests ════════════════════════════════════════════════════════════════
     ── Failure ('test-read-gtfs.R:113'): files parameter ───────────────────────────
     `read_gtfs(path, files = f)` generated warnings:
     * Each row in `x` is expected to match at most 1 row in `y`.
     ℹ Row 6 of `x` matches multiple rows.
     ℹ If multiple matches are expected, set `multiple = "all"` to silence this
     warning.
    
     [ FAIL 1 | WARN 23 | SKIP 7 | PASS 219 ]
     Error: Test failures
     Execution halted
Flavor: r-devel-linux-x86_64-fedora-gcc

Version: 1.4
Check: tests
Result: ERROR
     Running 'testthat.R' [74s]
    Running the tests in 'tests/testthat.R' failed.
    Complete output:
     > library(testthat)
     > library(tidytransit)
     >
     > test_check("tidytransit")
     [ FAIL 1 | WARN 23 | SKIP 7 | PASS 219 ]
    
     ══ Skipped tests ═══════════════════════════════════════════════════════════════
     • On CRAN (7)
    
     ══ Failed tests ════════════════════════════════════════════════════════════════
     ── Failure ('test-read-gtfs.R:113'): files parameter ───────────────────────────
     `read_gtfs(path, files = f)` generated warnings:
     * Each row in `x` is expected to match at most 1 row in `y`.
     ℹ Row 6 of `x` matches multiple rows.
     ℹ If multiple matches are expected, set `multiple = "all"` to silence this
     warning.
    
     [ FAIL 1 | WARN 23 | SKIP 7 | PASS 219 ]
     Error: Test failures
     Execution halted
Flavor: r-devel-windows-x86_64