CRAN Package Check Results for Package tidytransit

Last updated on 2022-07-01 23:53:35 CEST.

Flavor Version Tinstall Tcheck Ttotal Status Flags
r-devel-linux-x86_64-debian-clang 1.3.1 12.06 225.96 238.02 OK
r-devel-linux-x86_64-debian-gcc 1.3.1 9.24 159.49 168.73 OK
r-devel-linux-x86_64-fedora-clang 1.3.1 268.52 NOTE
r-devel-linux-x86_64-fedora-gcc 1.3.1 259.80 NOTE
r-devel-windows-x86_64 1.3.1 62.00 271.00 333.00 NOTE
r-patched-linux-x86_64 1.3.1 11.15 198.11 209.26 OK
r-release-linux-x86_64 1.3.1 9.90 194.50 204.40 OK
r-release-macos-arm64 1.3.1 97.00 NOTE
r-release-macos-x86_64 1.3.1 119.00 NOTE
r-release-windows-x86_64 1.3.1 70.00 262.00 332.00 NOTE
r-oldrel-macos-arm64 1.3.1 104.00 NOTE
r-oldrel-macos-x86_64 1.3.1 120.00 NOTE
r-oldrel-windows-ix86+x86_64 1.3.1 25.00 249.00 274.00 NOTE

Check Details

Version: 1.3.1
Check: installed package size
Result: NOTE
     installed size is 6.3Mb
     sub-directories of 1Mb or more:
     doc 1.3Mb
     extdata 4.5Mb
Flavors: r-devel-linux-x86_64-fedora-clang, r-devel-windows-x86_64, r-release-macos-arm64, r-release-macos-x86_64, r-release-windows-x86_64, r-oldrel-macos-arm64, r-oldrel-macos-x86_64, r-oldrel-windows-ix86+x86_64

Version: 1.3.1
Check: data for non-ASCII characters
Result: NOTE
     Note: found 61 marked UTF-8 strings
Flavors: r-devel-linux-x86_64-fedora-clang, r-devel-linux-x86_64-fedora-gcc, r-release-macos-arm64, r-release-macos-x86_64, r-oldrel-macos-arm64, r-oldrel-macos-x86_64