CRAN Package Check Results for Package tidystats

Last updated on 2022-05-21 23:51:11 CEST.

Flavor Version Tinstall Tcheck Ttotal Status Flags
r-devel-linux-x86_64-debian-clang 0.5.1 7.25 96.07 103.32 OK
r-devel-linux-x86_64-debian-gcc 0.5.1 4.26 70.30 74.56 OK
r-devel-linux-x86_64-fedora-clang 0.5.1 119.15 NOTE
r-devel-linux-x86_64-fedora-gcc 0.5.1 116.27 NOTE
r-devel-windows-x86_64 0.5.1 43.00 115.00 158.00 OK
r-patched-linux-x86_64 0.5.1 5.24 89.03 94.27 OK
r-release-linux-x86_64 0.5.1 4.81 88.56 93.37 OK
r-release-macos-arm64 0.5.1 36.00 NOTE
r-release-macos-x86_64 0.5.1 60.00 NOTE
r-release-windows-x86_64 0.5.1 46.00 118.00 164.00 OK
r-oldrel-macos-arm64 0.5.1 32.00 NOTE
r-oldrel-macos-x86_64 0.5.1 52.00 NOTE
r-oldrel-windows-ix86+x86_64 0.5.1 17.00 109.00 126.00 OK

Check Details

Version: 0.5.1
Check: data for non-ASCII characters
Result: NOTE
     Note: found 113 marked UTF-8 strings
Flavors: r-devel-linux-x86_64-fedora-clang, r-devel-linux-x86_64-fedora-gcc, r-release-macos-arm64, r-release-macos-x86_64, r-oldrel-macos-arm64, r-oldrel-macos-x86_64