CRAN Package Check Results for Package tidystats

Last updated on 2022-12-01 23:51:58 CET.

Flavor Version Tinstall Tcheck Ttotal Status Flags
r-devel-linux-x86_64-debian-clang 0.5.1 5.89 90.79 96.68 OK
r-devel-linux-x86_64-debian-gcc 0.5.1 5.11 65.54 70.65 OK
r-devel-linux-x86_64-fedora-clang 0.5.1 127.21 NOTE
r-devel-linux-x86_64-fedora-gcc 0.5.1 121.88 NOTE
r-devel-windows-x86_64 0.5.1 35.00 119.00 154.00 OK
r-patched-linux-x86_64 0.5.1 7.06 80.89 87.95 OK
r-release-linux-x86_64 0.5.1 4.52 81.87 86.39 OK
r-release-macos-arm64 0.5.1 36.00 NOTE
r-release-macos-x86_64 0.5.1 60.00 NOTE
r-release-windows-x86_64 0.5.1 22.00 121.00 143.00 OK
r-oldrel-macos-arm64 0.5.1 32.00 NOTE
r-oldrel-macos-x86_64 0.5.1 52.00 NOTE
r-oldrel-windows-ix86+x86_64 0.5.1 16.00 111.00 127.00 OK

Check Details

Version: 0.5.1
Check: data for non-ASCII characters
Result: NOTE
     Note: found 113 marked UTF-8 strings
Flavors: r-devel-linux-x86_64-fedora-clang, r-devel-linux-x86_64-fedora-gcc, r-release-macos-arm64, r-release-macos-x86_64, r-oldrel-macos-arm64, r-oldrel-macos-x86_64