CRAN Package Check Results for Package tidync

Last updated on 2019-12-08 23:47:41 CET.

Flavor Version Tinstall Tcheck Ttotal Status Flags
r-devel-linux-x86_64-debian-clang 0.2.3 5.41 60.12 65.53 OK
r-devel-linux-x86_64-debian-gcc 0.2.3 4.00 45.09 49.09 OK
r-devel-linux-x86_64-fedora-clang 0.2.3 76.38 OK
r-devel-linux-x86_64-fedora-gcc 0.2.3 71.39 OK
r-devel-windows-ix86+x86_64 0.2.3 12.00 98.00 110.00 OK
r-devel-windows-ix86+x86_64-gcc8 0.2.3 12.00 79.00 91.00 OK
r-patched-linux-x86_64 0.2.3 4.31 53.19 57.50 OK
r-patched-solaris-x86 0.2.3 84.30 ERROR
r-release-linux-x86_64 0.2.3 3.51 53.05 56.56 OK
r-release-windows-ix86+x86_64 0.2.3 9.00 65.00 74.00 OK
r-release-osx-x86_64 0.2.3 OK
r-oldrel-windows-ix86+x86_64 0.2.3 7.00 67.00 74.00 OK
r-oldrel-osx-x86_64 0.2.3 OK

Check Details

Version: 0.2.3
Check: examples
Result: ERROR
    Running examples in ‘tidync-Ex.R’ failed
    The error most likely occurred in:
    
    > ### Name: hyper_array
    > ### Title: Extract NetCDF data as an array
    > ### Aliases: hyper_array tidync_data hyper_slice hyper_array.tidync
    > ### hyper_array.character
    >
    > ### ** Examples
    >
    > f <- "S20080012008031.L3m_MO_CHL_chlor_a_9km.nc"
    > l3file <- system.file("extdata/oceandata", f, package= "tidync")
    >
    > ## extract a raw list by filtered dimension
    > library(dplyr)
    
    Attaching package: ‘dplyr’
    
    The following objects are masked from ‘package:stats’:
    
     filter, lag
    
    The following objects are masked from ‘package:base’:
    
     intersect, setdiff, setequal, union
    
    > araw1 <- tidync(l3file) %>%
    + hyper_filter(lat = between(lat, -78, -75.8),
    + lon = between(lon, 165, 171)) %>%
    + hyper_array()
    Error in RNetCDF::open.nc(x) : NetCDF: HDF error
    Calls: %>% -> eval -> eval -> tidync -> tidync.character
    Execution halted
Flavor: r-patched-solaris-x86