CRAN Package Check Results for Package tidync

Last updated on 2019-07-22 06:47:51 CEST.

Flavor Version Tinstall Tcheck Ttotal Status Flags
r-devel-linux-x86_64-debian-clang 0.2.1 4.47 73.26 77.73 OK
r-devel-linux-x86_64-debian-gcc 0.2.1 3.83 57.75 61.58 OK
r-devel-linux-x86_64-fedora-clang 0.2.1 94.94 OK
r-devel-linux-x86_64-fedora-gcc 0.2.1 97.87 OK
r-devel-windows-ix86+x86_64 0.2.1 10.00 134.00 144.00 OK
r-patched-linux-x86_64 0.2.1 4.65 71.94 76.59 OK
r-patched-solaris-x86 0.2.1 101.00 ERROR
r-release-linux-x86_64 0.2.1 4.60 72.91 77.51 OK
r-release-windows-ix86+x86_64 0.2.1 9.00 82.00 91.00 OK
r-release-osx-x86_64 0.2.1 OK
r-oldrel-windows-ix86+x86_64 0.2.1 8.00 130.00 138.00 OK
r-oldrel-osx-x86_64 0.2.1 OK

Check Details

Version: 0.2.1
Check: examples
Result: ERROR
    Running examples in ‘tidync-Ex.R’ failed
    The error most likely occurred in:
    
    > ### Name: hyper_array
    > ### Title: Extract NetCDF data as an array
    > ### Aliases: hyper_array tidync_data hyper_slice hyper_array.tidync
    > ### hyper_array.character
    >
    > ### ** Examples
    >
    > f <- "S20080012008031.L3m_MO_CHL_chlor_a_9km.nc"
    > l3file <- system.file("extdata/oceandata", f, package= "tidync")
    >
    > ## extract a raw list by filtered dimension
    > library(dplyr)
    
    Attaching package: ‘dplyr’
    
    The following objects are masked from ‘package:stats’:
    
     filter, lag
    
    The following objects are masked from ‘package:base’:
    
     intersect, setdiff, setequal, union
    
    > araw1 <- tidync(l3file) %>%
    + hyper_filter(lat = between(lat, -78, -75.8),
    + lon = between(lon, 165, 171)) %>%
    + hyper_array()
    Warning in tidync.character(l3file) :
     Oops, connection to source failed.
     /home/ripley/R/Lib32/tidync/extdata/oceandata/S20080012008031.L3m_MO_CHL_chlor_a_9km.nc
    Error in nc_meta.character(...) :
     failed to open 'x', value given was: "/home/ripley/R/Lib32/tidync/extdata/oceandata/S20080012008031.L3m_MO_CHL_chlor_a_9km.nc"
    Calls: %>% -> eval -> eval -> tidync -> tidync.character
    Execution halted
Flavor: r-patched-solaris-x86