CRAN Package Check Results for Package tidyhydat

Last updated on 2022-10-05 23:55:15 CEST.

Flavor Version Tinstall Tcheck Ttotal Status Flags
r-devel-linux-x86_64-debian-clang 0.5.6 9.84 138.72 148.56 OK
r-devel-linux-x86_64-debian-gcc 0.5.6 7.08 102.89 109.97 ERROR
r-devel-linux-x86_64-fedora-clang 0.5.6 191.20 ERROR
r-devel-linux-x86_64-fedora-gcc 0.5.6 127.70 ERROR
r-devel-windows-x86_64 0.5.6 75.00 195.00 270.00 ERROR
r-patched-linux-x86_64 0.5.6 11.01 126.68 137.69 OK
r-release-linux-x86_64 0.5.6 8.17 126.54 134.71 OK
r-release-macos-arm64 0.5.6 58.00 NOTE
r-release-macos-x86_64 0.5.6 94.00 NOTE
r-release-windows-x86_64 0.5.6 74.00 175.00 249.00 NOTE
r-oldrel-macos-arm64 0.5.6 67.00 NOTE
r-oldrel-macos-x86_64 0.5.6 97.00 NOTE
r-oldrel-windows-ix86+x86_64 0.5.6 24.00 171.00 195.00 NOTE

Check Details

Version: 0.5.6
Check: tests
Result: ERROR
     Running ‘testthat.R’ [48s/109s]
    Running the tests in ‘tests/testthat.R’ failed.
    Complete output:
     > library(testthat)
     > library(tidyhydat)
     > library(dplyr)
    
     Attaching package: 'dplyr'
    
     The following object is masked from 'package:testthat':
    
     matches
    
     The following objects are masked from 'package:stats':
    
     filter, lag
    
     The following objects are masked from 'package:base':
    
     intersect, setdiff, setequal, union
    
     > library(lubridate)
    
     Attaching package: 'lubridate'
    
     The following objects are masked from 'package:base':
    
     date, intersect, setdiff, union
    
     >
     > test_check("tidyhydat")
     [ FAIL 2 | WARN 0 | SKIP 18 | PASS 201 ]
    
     ══ Skipped tests ═══════════════════════════════════════════════════════════════
     • On CRAN (18)
    
     ══ Failed tests ════════════════════════════════════════════════════════════════
     ── Error (test_search.R:5:3): search_stn_number returns a dataframe ────────────
     Error in `curl::curl_fetch_memory(url, handle = handle)`: Timeout was reached: [dd.weather.gc.ca] Connection timeout after 10001 ms
     Backtrace:
     ▆
     1. ├─testthat::expect_is(...) at test_search.R:5:2
     2. │ └─testthat::quasi_label(enquo(object), label, arg = "object")
     3. │ └─rlang::eval_bare(expr, quo_get_env(quo))
     4. ├─tidyhydat::search_stn_number("08HF", hydat_path = hy_test_db())
     5. │ ├─... %>% ...
     6. │ └─tidyhydat::realtime_stations()
     7. │ └─httr::GET(realtime_link, httr::user_agent("https://github.com/ropensci/tidyhydat"))
     8. │ └─httr:::request_perform(req, hu$handle$handle)
     9. │ ├─httr:::request_fetch(req$output, req$url, handle)
     10. │ └─httr:::request_fetch.write_memory(req$output, req$url, handle)
     11. │ └─curl::curl_fetch_memory(url, handle = handle)
     12. ├─dplyr::select(...)
     13. ├─dplyr::distinct(., .data$STATION_NUMBER, .keep_all = TRUE)
     14. └─dplyr::bind_rows(., suppressMessages(hy_stations(hydat_path = hydat_con)))
     15. └─rlang::list2(...)
     ── Error (test_search.R:11:3): search_stn_name returns a dataframe ─────────────
     Error in `curl::curl_fetch_memory(url, handle = handle)`: Timeout was reached: [dd.weather.gc.ca] Connection timeout after 10000 ms
     Backtrace:
     ▆
     1. ├─testthat::expect_is(...) at test_search.R:11:2
     2. │ └─testthat::quasi_label(enquo(object), label, arg = "object")
     3. │ └─rlang::eval_bare(expr, quo_get_env(quo))
     4. ├─tidyhydat::search_stn_name("Saskatchewan", hydat_path = hy_test_db())
     5. │ ├─... %>% ...
     6. │ └─tidyhydat::realtime_stations()
     7. │ └─httr::GET(realtime_link, httr::user_agent("https://github.com/ropensci/tidyhydat"))
     8. │ └─httr:::request_perform(req, hu$handle$handle)
     9. │ ├─httr:::request_fetch(req$output, req$url, handle)
     10. │ └─httr:::request_fetch.write_memory(req$output, req$url, handle)
     11. │ └─curl::curl_fetch_memory(url, handle = handle)
     12. ├─dplyr::select(...)
     13. ├─dplyr::distinct(., .data$STATION_NUMBER, .keep_all = TRUE)
     14. └─dplyr::bind_rows(., suppressMessages(hy_stations(hydat_path = hydat_con)))
     15. └─rlang::list2(...)
    
     [ FAIL 2 | WARN 0 | SKIP 18 | PASS 201 ]
     Error: Test failures
     Execution halted
Flavor: r-devel-linux-x86_64-debian-gcc

Version: 0.5.6
Check: installed package size
Result: NOTE
     installed size is 5.1Mb
     sub-directories of 1Mb or more:
     test_db 3.3Mb
Flavors: r-devel-linux-x86_64-fedora-clang, r-devel-windows-x86_64, r-release-macos-arm64, r-release-macos-x86_64, r-release-windows-x86_64, r-oldrel-macos-arm64, r-oldrel-macos-x86_64, r-oldrel-windows-ix86+x86_64

Version: 0.5.6
Check: data for non-ASCII characters
Result: NOTE
     Note: found 122 marked UTF-8 strings
Flavors: r-devel-linux-x86_64-fedora-clang, r-devel-linux-x86_64-fedora-gcc, r-release-macos-arm64, r-release-macos-x86_64, r-oldrel-macos-arm64, r-oldrel-macos-x86_64

Version: 0.5.6
Check: tests
Result: ERROR
     Running ‘testthat.R’ [75s/114s]
    Running the tests in ‘tests/testthat.R’ failed.
    Complete output:
     > library(testthat)
     > library(tidyhydat)
     > library(dplyr)
    
     Attaching package: 'dplyr'
    
     The following object is masked from 'package:testthat':
    
     matches
    
     The following objects are masked from 'package:stats':
    
     filter, lag
    
     The following objects are masked from 'package:base':
    
     intersect, setdiff, setequal, union
    
     > library(lubridate)
    
     Attaching package: 'lubridate'
    
     The following objects are masked from 'package:base':
    
     date, intersect, setdiff, union
    
     >
     > test_check("tidyhydat")
     [ FAIL 2 | WARN 0 | SKIP 18 | PASS 200 ]
    
     ══ Skipped tests ═══════════════════════════════════════════════════════════════
     • On CRAN (18)
    
     ══ Failed tests ════════════════════════════════════════════════════════════════
     ── Error (test_realtime_network.R:5:4): realtime_network_meta returns a data frame ──
     Error in `curl::curl_fetch_memory(url, handle = handle)`: Timeout was reached: [dd.weather.gc.ca] Connection timeout after 10001 ms
     Backtrace:
     ▆
     1. ├─testthat::expect_silent(realtime_stations(prov_terr_state_loc = "BC")) at test_realtime_network.R:5:3
     2. │ └─testthat:::quasi_capture(enquo(object), NULL, evaluate_promise)
     3. │ ├─testthat (local) .capture(...)
     4. │ │ ├─withr::with_output_sink(...)
     5. │ │ │ └─base::force(code)
     6. │ │ ├─base::withCallingHandlers(...)
     7. │ │ └─base::withVisible(code)
     8. │ └─rlang::eval_bare(quo_get_expr(.quo), quo_get_env(.quo))
     9. └─tidyhydat::realtime_stations(prov_terr_state_loc = "BC")
     10. └─httr::GET(realtime_link, httr::user_agent("https://github.com/ropensci/tidyhydat"))
     11. └─httr:::request_perform(req, hu$handle$handle)
     12. ├─httr:::request_fetch(req$output, req$url, handle)
     13. └─httr:::request_fetch.write_memory(req$output, req$url, handle)
     14. └─curl::curl_fetch_memory(url, handle = handle)
     ── Error (test_realtime_plot.R:28:3): throw an error when plotting a lake level station with Flow specified ──
     Error in `curl::curl_fetch_memory(url, handle = handle)`: Timeout was reached: [dd.weather.gc.ca] Connection timeout after 10000 ms
     Backtrace:
     ▆
     1. └─tidyhydat::realtime_dd("08KH011") at test_realtime_plot.R:28:2
     2. └─base::lapply(station_number, single_realtime_station)
     3. └─tidyhydat (local) FUN(X[[i]], ...)
     4. └─httr::GET(infile[2], httr::user_agent("https://github.com/ropensci/tidyhydat"))
     5. └─httr:::request_perform(req, hu$handle$handle)
     6. ├─httr:::request_fetch(req$output, req$url, handle)
     7. └─httr:::request_fetch.write_memory(req$output, req$url, handle)
     8. └─curl::curl_fetch_memory(url, handle = handle)
    
     [ FAIL 2 | WARN 0 | SKIP 18 | PASS 200 ]
     Error: Test failures
     Execution halted
Flavor: r-devel-linux-x86_64-fedora-clang

Version: 0.5.6
Check: tests
Result: ERROR
     Running ‘testthat.R’ [43s/67s]
    Running the tests in ‘tests/testthat.R’ failed.
    Complete output:
     > library(testthat)
     > library(tidyhydat)
     > library(dplyr)
    
     Attaching package: 'dplyr'
    
     The following object is masked from 'package:testthat':
    
     matches
    
     The following objects are masked from 'package:stats':
    
     filter, lag
    
     The following objects are masked from 'package:base':
    
     intersect, setdiff, setequal, union
    
     > library(lubridate)
    
     Attaching package: 'lubridate'
    
     The following objects are masked from 'package:base':
    
     date, intersect, setdiff, union
    
     >
     > test_check("tidyhydat")
     [ FAIL 2 | WARN 0 | SKIP 18 | PASS 200 ]
    
     ══ Skipped tests ═══════════════════════════════════════════════════════════════
     • On CRAN (18)
    
     ══ Failed tests ════════════════════════════════════════════════════════════════
     ── Error (test_realtime_network.R:5:4): realtime_network_meta returns a data frame ──
     Error in `curl::curl_fetch_memory(url, handle = handle)`: Timeout was reached: [dd.weather.gc.ca] Connection timeout after 10001 ms
     Backtrace:
     ▆
     1. ├─testthat::expect_silent(realtime_stations(prov_terr_state_loc = "BC")) at test_realtime_network.R:5:3
     2. │ └─testthat:::quasi_capture(enquo(object), NULL, evaluate_promise)
     3. │ ├─testthat (local) .capture(...)
     4. │ │ ├─withr::with_output_sink(...)
     5. │ │ │ └─base::force(code)
     6. │ │ ├─base::withCallingHandlers(...)
     7. │ │ └─base::withVisible(code)
     8. │ └─rlang::eval_bare(quo_get_expr(.quo), quo_get_env(.quo))
     9. └─tidyhydat::realtime_stations(prov_terr_state_loc = "BC")
     10. └─httr::GET(realtime_link, httr::user_agent("https://github.com/ropensci/tidyhydat"))
     11. └─httr:::request_perform(req, hu$handle$handle)
     12. ├─httr:::request_fetch(req$output, req$url, handle)
     13. └─httr:::request_fetch.write_memory(req$output, req$url, handle)
     14. └─curl::curl_fetch_memory(url, handle = handle)
     ── Error (test_realtime_plot.R:28:3): throw an error when plotting a lake level station with Flow specified ──
     Error in `curl::curl_fetch_memory(url, handle = handle)`: Timeout was reached: [dd.weather.gc.ca] Connection timeout after 10001 ms
     Backtrace:
     ▆
     1. └─tidyhydat::realtime_dd("08KH011") at test_realtime_plot.R:28:2
     2. └─base::lapply(station_number, single_realtime_station)
     3. └─tidyhydat (local) FUN(X[[i]], ...)
     4. └─httr::GET(infile[1], httr::user_agent("https://github.com/ropensci/tidyhydat"))
     5. └─httr:::request_perform(req, hu$handle$handle)
     6. ├─httr:::request_fetch(req$output, req$url, handle)
     7. └─httr:::request_fetch.write_memory(req$output, req$url, handle)
     8. └─curl::curl_fetch_memory(url, handle = handle)
    
     [ FAIL 2 | WARN 0 | SKIP 18 | PASS 200 ]
     Error: Test failures
     Execution halted
Flavor: r-devel-linux-x86_64-fedora-gcc

Version: 0.5.6
Check: tests
Result: ERROR
     Running 'testthat.R' [76s]
    Running the tests in 'tests/testthat.R' failed.
    Complete output:
     > library(testthat)
     > library(tidyhydat)
     > library(dplyr)
    
     Attaching package: 'dplyr'
    
     The following object is masked from 'package:testthat':
    
     matches
    
     The following objects are masked from 'package:stats':
    
     filter, lag
    
     The following objects are masked from 'package:base':
    
     intersect, setdiff, setequal, union
    
     > library(lubridate)
    
     Attaching package: 'lubridate'
    
     The following objects are masked from 'package:base':
    
     date, intersect, setdiff, union
    
     >
     > test_check("tidyhydat")
     [ FAIL 1 | WARN 0 | SKIP 18 | PASS 202 ]
    
     ══ Skipped tests ═══════════════════════════════════════════════════════════════
     • On CRAN (18)
    
     ══ Failed tests ════════════════════════════════════════════════════════════════
     ── Error (test_realtime_network.R:5:4): realtime_network_meta returns a data frame ──
     Error in `curl::curl_fetch_memory(url, handle = handle)`: Timeout was reached: [dd.weather.gc.ca] Connection timed out after 10009 milliseconds
     Backtrace:
     ▆
     1. ├─testthat::expect_silent(realtime_stations(prov_terr_state_loc = "BC")) at test_realtime_network.R:5:3
     2. │ └─testthat:::quasi_capture(enquo(object), NULL, evaluate_promise)
     3. │ ├─testthat (local) .capture(...)
     4. │ │ ├─withr::with_output_sink(...)
     5. │ │ │ └─base::force(code)
     6. │ │ ├─base::withCallingHandlers(...)
     7. │ │ └─base::withVisible(code)
     8. │ └─rlang::eval_bare(quo_get_expr(.quo), quo_get_env(.quo))
     9. └─tidyhydat::realtime_stations(prov_terr_state_loc = "BC")
     10. └─httr::GET(realtime_link, httr::user_agent("https://github.com/ropensci/tidyhydat"))
     11. └─httr:::request_perform(req, hu$handle$handle)
     12. ├─httr:::request_fetch(req$output, req$url, handle)
     13. └─httr:::request_fetch.write_memory(req$output, req$url, handle)
     14. └─curl::curl_fetch_memory(url, handle = handle)
    
     [ FAIL 1 | WARN 0 | SKIP 18 | PASS 202 ]
     Error: Test failures
     Execution halted
Flavor: r-devel-windows-x86_64