CRAN Package Check Results for Package tidygenomics

Last updated on 2022-12-04 23:53:47 CET.

Flavor Version Tinstall Tcheck Ttotal Status Flags
r-devel-linux-x86_64-debian-clang 0.1.2 22.67 79.16 101.83 NOTE
r-devel-linux-x86_64-debian-gcc 0.1.2 17.43 59.34 76.77 NOTE
r-devel-linux-x86_64-fedora-clang 0.1.2 143.29 NOTE
r-devel-linux-x86_64-fedora-gcc 0.1.2 131.16 NOTE
r-devel-windows-x86_64 0.1.2 57.00 122.00 179.00 NOTE
r-patched-linux-x86_64 0.1.2 17.54 73.72 91.26 NOTE
r-release-linux-x86_64 0.1.2 16.44 76.47 92.91 NOTE
r-release-macos-arm64 0.1.2 39.00 NOTE
r-release-macos-x86_64 0.1.2 65.00 NOTE
r-release-windows-x86_64 0.1.2 44.00 132.00 176.00 NOTE
r-oldrel-macos-arm64 0.1.2 37.00 NOTE
r-oldrel-macos-x86_64 0.1.2 66.00 NOTE
r-oldrel-windows-ix86+x86_64 0.1.2 57.00 146.00 203.00 NOTE

Check Details

Version: 0.1.2
Check: package subdirectories
Result: NOTE
    Problems with news in 'NEWS.md':
     Cannot extract version info from the following section titles:
     Initial Release (v0.1.0)
Flavors: r-devel-linux-x86_64-debian-clang, r-devel-linux-x86_64-debian-gcc, r-devel-linux-x86_64-fedora-clang, r-devel-linux-x86_64-fedora-gcc, r-devel-windows-x86_64

Version: 0.1.2
Check: LazyData
Result: NOTE
     'LazyData' is specified without a 'data' directory
Flavors: r-devel-linux-x86_64-debian-clang, r-devel-linux-x86_64-debian-gcc, r-devel-linux-x86_64-fedora-clang, r-devel-linux-x86_64-fedora-gcc, r-devel-windows-x86_64, r-patched-linux-x86_64, r-release-linux-x86_64, r-release-macos-arm64, r-release-macos-x86_64, r-release-windows-x86_64, r-oldrel-macos-arm64, r-oldrel-macos-x86_64, r-oldrel-windows-ix86+x86_64