CRAN Package Check Results for Package tidygenomics

Last updated on 2023-09-21 00:56:46 CEST.

Flavor Version Tinstall Tcheck Ttotal Status Flags
r-devel-linux-x86_64-debian-clang 0.1.2 26.45 74.23 100.68 NOTE
r-devel-linux-x86_64-debian-gcc 0.1.2 16.46 54.97 71.43 NOTE
r-devel-linux-x86_64-fedora-clang 0.1.2 129.71 NOTE
r-devel-linux-x86_64-fedora-gcc 0.1.2 132.62 NOTE
r-devel-windows-x86_64 0.1.2 20.00 89.00 109.00 NOTE
r-patched-linux-x86_64 0.1.2 16.14 70.44 86.58 NOTE
r-release-linux-x86_64 0.1.2 16.97 69.09 86.06 NOTE
r-release-macos-arm64 0.1.2 44.00 NOTE
r-release-macos-x86_64 0.1.2 67.00 NOTE
r-release-windows-x86_64 0.1.2 28.00 105.00 133.00 NOTE
r-oldrel-macos-arm64 0.1.2 39.00 NOTE
r-oldrel-macos-x86_64 0.1.2 65.00 NOTE
r-oldrel-windows-x86_64 0.1.2 26.00 101.00 127.00 NOTE

Check Details

Version: 0.1.2
Check: package subdirectories
Result: NOTE
    Problems with news in ‘NEWS.md’:
     Cannot extract version info from the following section titles:
     Initial Release (v0.1.0)
Flavors: r-devel-linux-x86_64-debian-clang, r-devel-linux-x86_64-debian-gcc, r-devel-linux-x86_64-fedora-clang, r-devel-linux-x86_64-fedora-gcc, r-devel-windows-x86_64, r-patched-linux-x86_64, r-release-linux-x86_64, r-release-macos-arm64, r-release-macos-x86_64, r-release-windows-x86_64

Version: 0.1.2
Check: LazyData
Result: NOTE
     'LazyData' is specified without a 'data' directory
Flavors: r-devel-linux-x86_64-debian-clang, r-devel-linux-x86_64-debian-gcc, r-devel-linux-x86_64-fedora-clang, r-devel-linux-x86_64-fedora-gcc, r-devel-windows-x86_64, r-patched-linux-x86_64, r-release-linux-x86_64, r-release-macos-arm64, r-release-macos-x86_64, r-release-windows-x86_64, r-oldrel-macos-arm64, r-oldrel-macos-x86_64, r-oldrel-windows-x86_64