CRAN Package Check Results for Package tidyft

Last updated on 2022-09-25 23:56:27 CEST.

Flavor Version Tinstall Tcheck Ttotal Status Flags
r-devel-linux-x86_64-debian-clang 0.4.5 5.51 58.33 63.84 NOTE
r-devel-linux-x86_64-debian-gcc 0.4.5 3.66 42.28 45.94 NOTE
r-devel-linux-x86_64-fedora-clang 0.4.5 83.80 NOTE
r-devel-linux-x86_64-fedora-gcc 0.4.5 81.10 NOTE
r-devel-windows-x86_64 0.4.5 23.00 99.00 122.00 NOTE
r-patched-linux-x86_64 0.4.5 5.34 52.58 57.92 NOTE
r-release-linux-x86_64 0.4.5 4.14 52.12 56.26 NOTE
r-release-macos-arm64 0.4.5 29.00 NOTE
r-release-macos-x86_64 0.4.5 39.00 NOTE
r-release-windows-x86_64 0.4.5 24.00 89.00 113.00 NOTE
r-oldrel-macos-arm64 0.4.5 41.00 NOTE
r-oldrel-macos-x86_64 0.4.5 47.00 NOTE
r-oldrel-windows-ix86+x86_64 0.4.5 10.00 80.00 90.00 NOTE

Check Details

Version: 0.4.5
Check: LazyData
Result: NOTE
     'LazyData' is specified without a 'data' directory
Flavors: r-devel-linux-x86_64-debian-clang, r-devel-linux-x86_64-debian-gcc, r-devel-linux-x86_64-fedora-clang, r-devel-linux-x86_64-fedora-gcc, r-devel-windows-x86_64, r-patched-linux-x86_64, r-release-linux-x86_64, r-release-macos-arm64, r-release-macos-x86_64, r-release-windows-x86_64, r-oldrel-macos-arm64, r-oldrel-macos-x86_64, r-oldrel-windows-ix86+x86_64

Version: 0.4.5
Check: Rd cross-references
Result: NOTE
    Undeclared packages ‘tidyfst’, ‘tidyr’, ‘fastDummies’ in Rd xrefs
Flavor: r-devel-linux-x86_64-fedora-clang