Last updated on 2022-06-26 23:52:12 CEST.
Flavor | Version | Tinstall | Tcheck | Ttotal | Status | Flags |
---|---|---|---|---|---|---|
r-devel-linux-x86_64-debian-clang | 0.1.2 | 2.04 | 42.63 | 44.67 | OK | |
r-devel-linux-x86_64-debian-gcc | 0.1.2 | 1.92 | 31.92 | 33.84 | OK | |
r-devel-linux-x86_64-fedora-clang | 0.1.2 | 63.02 | NOTE | |||
r-devel-linux-x86_64-fedora-gcc | 0.1.2 | 62.32 | NOTE | |||
r-devel-windows-x86_64 | 0.1.2 | 10.00 | 69.00 | 79.00 | OK | |
r-patched-linux-x86_64 | 0.1.2 | 2.00 | 39.86 | 41.86 | OK | |
r-release-linux-x86_64 | 0.1.2 | 2.02 | 39.46 | 41.48 | OK | |
r-release-macos-arm64 | 0.1.2 | 24.00 | NOTE | |||
r-release-macos-x86_64 | 0.1.2 | 43.00 | NOTE | |||
r-release-windows-x86_64 | 0.1.2 | 12.00 | 70.00 | 82.00 | OK | |
r-oldrel-macos-arm64 | 0.1.2 | 38.00 | NOTE | |||
r-oldrel-macos-x86_64 | 0.1.2 | 33.00 | NOTE | |||
r-oldrel-windows-ix86+x86_64 | 0.1.2 | 6.00 | 67.00 | 73.00 | OK |
Version: 0.1.2
Check: dependencies in R code
Result: NOTE
Namespace in Imports field not imported from: ‘tidyr’
All declared Imports should be used.
Flavors: r-devel-linux-x86_64-fedora-clang, r-devel-linux-x86_64-fedora-gcc, r-release-macos-arm64, r-release-macos-x86_64, r-oldrel-macos-arm64, r-oldrel-macos-x86_64