Last updated on 2021-01-17 23:47:49 CET.
Flavor | Version | Tinstall | Tcheck | Ttotal | Status | Flags |
---|---|---|---|---|---|---|
r-devel-linux-x86_64-debian-clang | 1.47 | 16.17 | 306.08 | 322.25 | OK | |
r-devel-linux-x86_64-debian-gcc | 1.47 | 15.53 | 225.71 | 241.24 | OK | |
r-devel-linux-x86_64-fedora-clang | 1.47 | 402.52 | NOTE | |||
r-devel-linux-x86_64-fedora-gcc | 1.47 | 380.56 | NOTE | |||
r-devel-windows-ix86+x86_64 | 1.47 | 29.00 | 289.00 | 318.00 | OK | |
r-patched-linux-x86_64 | 1.47 | 11.72 | 288.47 | 300.19 | OK | |
r-patched-solaris-x86 | 1.47 | 524.90 | NOTE | |||
r-release-linux-x86_64 | 1.47 | 13.42 | 287.93 | 301.35 | OK | |
r-release-macos-x86_64 | 1.47 | NOTE | ||||
r-release-windows-ix86+x86_64 | 1.47 | 29.00 | 271.00 | 300.00 | OK | |
r-oldrel-macos-x86_64 | 1.47 | NOTE | ||||
r-oldrel-windows-ix86+x86_64 | 1.47 | 32.00 | 361.00 | 393.00 | OK |
Version: 1.47
Check: package dependencies
Result: NOTE
Imports includes 30 non-default packages.
Importing from so many packages makes the package vulnerable to any of
them becoming unavailable. Move as many as possible to Suggests and
use conditionally.
Flavor: r-devel-linux-x86_64-fedora-clang
Version: 1.47
Check: dependencies in R code
Result: NOTE
Namespaces in Imports field not imported from:
‘Evomorph’ ‘cowplot’ ‘factoextra’ ‘gridExtra’ ‘lme4’ ‘lsr’ ‘plotly’
‘png’ ‘shapes’
All declared Imports should be used.
Flavors: r-devel-linux-x86_64-fedora-clang, r-devel-linux-x86_64-fedora-gcc, r-patched-solaris-x86, r-release-macos-x86_64, r-oldrel-macos-x86_64