CRAN Package Check Results for Package tictoc

Last updated on 2021-04-21 23:48:20 CEST.

Flavor Version Tinstall Tcheck Ttotal Status Flags
r-devel-linux-x86_64-debian-clang 1.0.1 2.02 24.59 26.61 OK
r-devel-linux-x86_64-debian-gcc 1.0.1 1.50 19.67 21.17 OK
r-devel-linux-x86_64-fedora-clang 1.0.1 43.67 OK
r-devel-linux-x86_64-fedora-gcc 1.0.1 31.77 OK
r-devel-windows-ix86+x86_64 1.0 3.00 7.00 10.00 ERROR
r-devel-windows-x86_64-gcc10-UCRT 1.0 OK
r-patched-linux-x86_64 1.0.1 1.98 24.05 26.03 OK
r-patched-solaris-x86 1.0.1 48.10 OK
r-release-linux-x86_64 1.0 1.68 24.00 25.68 NOTE
r-release-macos-x86_64 1.0.1 OK
r-release-windows-ix86+x86_64 1.0.1 4.00 39.00 43.00 OK
r-oldrel-macos-x86_64 1.0.1 OK
r-oldrel-windows-ix86+x86_64 1.0 5.00 45.00 50.00 NOTE

Check Details

Version: 1.0
Check: whether package can be installed
Result: ERROR
    Installation failed.
Flavor: r-devel-windows-ix86+x86_64

Version: 1.0
Check: DESCRIPTION meta-information
Result: NOTE
    Malformed Title field: should not end in a period.
Flavors: r-release-linux-x86_64, r-oldrel-windows-ix86+x86_64