CRAN Package Check Results for Package tibble

Last updated on 2019-06-07 02:51:13 CEST.

Flavor Version Tinstall Tcheck Ttotal Status Flags
r-devel-linux-x86_64-debian-clang 2.1.2 5.40 55.25 60.65 OK
r-devel-linux-x86_64-debian-gcc 2.1.2 4.08 44.09 48.17 OK
r-devel-linux-x86_64-fedora-clang 2.1.3 72.38 OK
r-devel-linux-x86_64-fedora-gcc 2.1.3 74.76 OK
r-devel-windows-ix86+x86_64 2.1.2 20.00 136.00 156.00 OK
r-patched-linux-x86_64 2.1.2 5.45 55.61 61.06 OK
r-patched-solaris-x86 2.1.3 113.90 OK
r-release-linux-x86_64 2.1.2 5.33 56.33 61.66 OK
r-release-windows-ix86+x86_64 2.1.3 29.00 110.00 139.00 OK
r-release-osx-x86_64 2.1.2 OK
r-oldrel-windows-ix86+x86_64 2.1.2 16.00 113.00 129.00 ERROR
r-oldrel-osx-x86_64 2.1.2 ERROR

Check Details

Version: 2.1.2
Check: running tests for arch ‘i386’
Result: ERROR
     Running 'testthat.R' [10s]
    Running the tests in 'tests/testthat.R' failed.
    Complete output:
     > library("testthat")
     >
     > test_check("tibble")
     Loading required package: tibble
     -- 1. Failure: as_tibble.matrix() supports .name_repair (@test-data-frame.R#357)
     `as_tibble(x)` threw an error with unexpected class.
     Expected class: defunctError
     Actual class: simpleError/error/condition
    
     -- 2. Failure: new_tibble checks (@test-tbl-df.R#405) -------------------------
     `new_tibble(list(a = 1))` threw an error with unexpected class.
     Expected class: defunctError
     Actual class: simpleError/error/condition
    
     == testthat results ===========================================================
     OK: 704 SKIPPED: 9 WARNINGS: 0 FAILED: 2
     1. Failure: as_tibble.matrix() supports .name_repair (@test-data-frame.R#357)
     2. Failure: new_tibble checks (@test-tbl-df.R#405)
    
     Error: testthat unit tests failed
     Execution halted
Flavor: r-oldrel-windows-ix86+x86_64

Version: 2.1.2
Check: running tests for arch ‘x64’
Result: ERROR
     Running 'testthat.R' [12s]
    Running the tests in 'tests/testthat.R' failed.
    Complete output:
     > library("testthat")
     >
     > test_check("tibble")
     Loading required package: tibble
     -- 1. Failure: as_tibble.matrix() supports .name_repair (@test-data-frame.R#357)
     `as_tibble(x)` threw an error with unexpected class.
     Expected class: defunctError
     Actual class: simpleError/error/condition
    
     -- 2. Failure: new_tibble checks (@test-tbl-df.R#405) -------------------------
     `new_tibble(list(a = 1))` threw an error with unexpected class.
     Expected class: defunctError
     Actual class: simpleError/error/condition
    
     == testthat results ===========================================================
     OK: 704 SKIPPED: 9 WARNINGS: 0 FAILED: 2
     1. Failure: as_tibble.matrix() supports .name_repair (@test-data-frame.R#357)
     2. Failure: new_tibble checks (@test-tbl-df.R#405)
    
     Error: testthat unit tests failed
     Execution halted
Flavor: r-oldrel-windows-ix86+x86_64

Version: 2.1.2
Check: tests
Result: ERROR
     Running ‘testthat.R’ [8s/8s]
    Running the tests in ‘tests/testthat.R’ failed.
    Last 13 lines of output:
     Expected class: defunctError
     Actual class: simpleError/error/condition
    
     ── 2. Failure: new_tibble checks (@test-tbl-df.R#405) ─────────────────────────
     `new_tibble(list(a = 1))` threw an error with unexpected class.
     Expected class: defunctError
     Actual class: simpleError/error/condition
    
     ══ testthat results ═══════════════════════════════════════════════════════════
     OK: 740 SKIPPED: 1 WARNINGS: 0 FAILED: 2
     1. Failure: as_tibble.matrix() supports .name_repair (@test-data-frame.R#357)
     2. Failure: new_tibble checks (@test-tbl-df.R#405)
    
     Error: testthat unit tests failed
     Execution halted
Flavor: r-oldrel-osx-x86_64