CRAN Package Check Results for Package tibble

Last updated on 2020-09-30 23:49:39 CEST.

Flavor Version Tinstall Tcheck Ttotal Status Flags
r-devel-linux-x86_64-debian-clang 3.0.3 7.15 88.98 96.13 OK
r-devel-linux-x86_64-debian-gcc 3.0.3 6.01 68.67 74.68 OK
r-devel-linux-x86_64-fedora-clang 3.0.3 132.28 OK
r-devel-linux-x86_64-fedora-gcc 3.0.3 120.09 OK
r-devel-windows-ix86+x86_64 3.0.3 17.00 105.00 122.00 OK
r-patched-linux-x86_64 3.0.3 7.22 86.83 94.05 OK
r-patched-solaris-x86 3.0.3 139.80 OK
r-release-linux-x86_64 3.0.3 8.75 87.31 96.06 OK
r-release-macos-x86_64 3.0.3 OK
r-release-windows-ix86+x86_64 3.0.3 1.00 7.00 8.00 ERROR
r-oldrel-macos-x86_64 3.0.3 OK
r-oldrel-windows-ix86+x86_64 3.0.3 16.00 136.00 152.00 OK

Check Details

Version: 3.0.3
Check: whether package can be installed
Result: ERROR
    Installation failed.
Flavor: r-release-windows-ix86+x86_64