Last updated on 2022-06-30 23:52:27 CEST.
Flavor | Version | Tinstall | Tcheck | Ttotal | Status | Flags |
---|---|---|---|---|---|---|
r-devel-linux-x86_64-debian-clang | 0.12.1 | 257.53 | 159.19 | 416.72 | NOTE | |
r-devel-linux-x86_64-debian-gcc | 0.12.1 | 233.09 | 131.51 | 364.60 | NOTE | |
r-devel-linux-x86_64-fedora-clang | 0.12.1 | 593.65 | NOTE | |||
r-devel-linux-x86_64-fedora-gcc | 0.12.1 | 610.71 | NOTE | |||
r-devel-windows-x86_64 | 0.12.1 | 217.00 | 243.00 | 460.00 | NOTE | |
r-patched-linux-x86_64 | 0.12.1 | 234.20 | 164.64 | 398.84 | NOTE | |
r-release-linux-x86_64 | 0.12.1 | 197.91 | 167.96 | 365.87 | NOTE | |
r-release-macos-arm64 | 0.12.1 | 141.00 | NOTE | |||
r-release-macos-x86_64 | 0.12.1 | 252.00 | NOTE | |||
r-release-windows-x86_64 | 0.12.1 | 226.00 | 230.00 | 456.00 | NOTE | |
r-oldrel-macos-arm64 | 0.12.1 | 162.00 | NOTE | |||
r-oldrel-macos-x86_64 | 0.12.1 | 188.00 | NOTE | |||
r-oldrel-windows-ix86+x86_64 | 0.12.1 | 382.00 | 10.00 | 392.00 | ERROR |
Version: 0.12.1
Check: for GNU extensions in Makefiles
Result: NOTE
GNU make is a SystemRequirements.
Flavors: r-devel-linux-x86_64-debian-clang, r-devel-linux-x86_64-debian-gcc, r-devel-linux-x86_64-fedora-clang, r-devel-linux-x86_64-fedora-gcc, r-devel-windows-x86_64, r-patched-linux-x86_64, r-release-linux-x86_64, r-release-macos-arm64, r-release-macos-x86_64, r-release-windows-x86_64, r-oldrel-macos-arm64, r-oldrel-macos-x86_64
Version: 0.12.1
Check: installed package size
Result: NOTE
installed size is 35.3Mb
sub-directories of 1Mb or more:
libs 34.8Mb
Flavors: r-devel-linux-x86_64-fedora-clang, r-release-macos-arm64, r-release-macos-x86_64, r-oldrel-macos-arm64, r-oldrel-macos-x86_64
Version: 0.12.1
Check: dependencies in R code
Result: NOTE
Namespaces in Imports field not imported from:
‘RcppParallel’ ‘knitr’
All declared Imports should be used.
Flavors: r-devel-linux-x86_64-fedora-clang, r-devel-linux-x86_64-fedora-gcc, r-release-macos-arm64, r-release-macos-x86_64, r-oldrel-macos-arm64, r-oldrel-macos-x86_64
Version: 0.12.1
Check: whether package can be installed
Result: ERROR
Installation failed.
Flavor: r-oldrel-windows-ix86+x86_64