CRAN Package Check Results for Package threeboost

Last updated on 2019-07-15 00:50:54 CEST.

Flavor Version Tinstall Tcheck Ttotal Status Flags
r-devel-linux-x86_64-debian-clang 1.1 1.84 30.99 32.83 NOTE
r-devel-linux-x86_64-debian-gcc 1.1 1.55 23.50 25.05 NOTE
r-devel-linux-x86_64-fedora-clang 1.1 38.48 NOTE
r-devel-linux-x86_64-fedora-gcc 1.1 36.95 NOTE
r-devel-windows-ix86+x86_64 1.1 4.00 42.00 46.00 NOTE
r-patched-linux-x86_64 1.1 2.03 30.29 32.32 NOTE
r-patched-solaris-x86 1.1 57.80 NOTE
r-release-linux-x86_64 1.1 1.91 30.45 32.36 NOTE
r-release-windows-ix86+x86_64 1.1 4.00 51.00 55.00 NOTE
r-release-osx-x86_64 1.1 NOTE
r-oldrel-windows-ix86+x86_64 1.1 4.00 46.00 50.00 NOTE
r-oldrel-osx-x86_64 1.1 NOTE

Check Details

Version: 1.1
Check: R code for possible problems
Result: NOTE
    coef_traceplot: no visible global function definition for 'rainbow'
    coef_traceplot: no visible global function definition for 'plot'
    coef_traceplot: no visible global function definition for 'abline'
    coef_traceplot : <anonymous>: no visible global function definition for
     'lines'
    coef_traceplot: no visible global function definition for 'text'
    ee.GEE.aux : <anonymous>: no visible global function definition for
     'combn'
    Undefined global functions or variables:
     abline combn lines plot rainbow text
    Consider adding
     importFrom("grDevices", "rainbow")
     importFrom("graphics", "abline", "lines", "plot", "text")
     importFrom("utils", "combn")
    to your NAMESPACE file.
Flavors: r-devel-linux-x86_64-debian-clang, r-devel-linux-x86_64-debian-gcc, r-devel-linux-x86_64-fedora-clang, r-devel-linux-x86_64-fedora-gcc, r-devel-windows-ix86+x86_64, r-patched-linux-x86_64, r-patched-solaris-x86, r-release-linux-x86_64, r-release-windows-ix86+x86_64, r-release-osx-x86_64, r-oldrel-windows-ix86+x86_64, r-oldrel-osx-x86_64