CRAN Package Check Results for Package textreuse

Last updated on 2019-08-11 23:47:42 CEST.

Flavor Version Tinstall Tcheck Ttotal Status Flags
r-devel-linux-x86_64-debian-clang 0.1.4 33.91 51.57 85.48 OK
r-devel-linux-x86_64-debian-gcc 0.1.4 25.48 41.10 66.58 OK
r-devel-linux-x86_64-fedora-clang 0.1.4 120.59 NOTE
r-devel-linux-x86_64-fedora-gcc 0.1.4 110.49 NOTE
r-devel-windows-ix86+x86_64 0.1.4 85.00 120.00 205.00 OK
r-patched-linux-x86_64 0.1.4 25.22 50.65 75.87 OK
r-patched-solaris-x86 0.1.4 150.60 OK
r-release-linux-x86_64 0.1.4 28.04 50.36 78.40 OK
r-release-windows-ix86+x86_64 0.1.4 85.00 92.00 177.00 OK
r-release-osx-x86_64 0.1.4 OK
r-oldrel-windows-ix86+x86_64 0.1.4 85.00 106.00 191.00 OK
r-oldrel-osx-x86_64 0.1.4 OK

Check Details

Version: 0.1.4
Check: compiled code
Result: NOTE
    File ‘textreuse/libs/textreuse.so’:
     Found no calls to: ‘R_registerRoutines’, ‘R_useDynamicSymbols’
    
    It is good practice to register native routines and to disable symbol
    search.
    
    See ‘Writing portable packages’ in the ‘Writing R Extensions’ manual.
Flavors: r-devel-linux-x86_64-fedora-clang, r-devel-linux-x86_64-fedora-gcc