CRAN Package Check Results for Package textplot

Last updated on 2022-05-23 23:50:17 CEST.

Flavor Version Tinstall Tcheck Ttotal Status Flags
r-devel-linux-x86_64-debian-clang 0.2.1 9.75 212.39 222.14 OK
r-devel-linux-x86_64-debian-gcc 0.2.1 7.57 174.76 182.33 OK
r-devel-linux-x86_64-fedora-clang 0.2.1 234.49 OK
r-devel-linux-x86_64-fedora-gcc 0.2.1 240.04 OK
r-devel-windows-x86_64 0.2.1 26.00 226.00 252.00 OK
r-patched-linux-x86_64 0.2.1 7.47 216.65 224.12 OK
r-release-linux-x86_64 0.2.1 OK
r-release-macos-arm64 0.2.1 76.00 NOTE
r-release-macos-x86_64 0.2.1 95.00 OK
r-release-windows-x86_64 0.2.1 21.00 225.00 246.00 OK
r-oldrel-macos-arm64 0.2.1 80.00 OK
r-oldrel-macos-x86_64 0.2.1 91.00 OK
r-oldrel-windows-ix86+x86_64 0.2.1 18.00 234.00 252.00 OK

Check Details

Version: 0.2.1
Check: package dependencies
Result: NOTE
    Packages suggested but not available for checking: 'graph', 'Rgraphviz'
Flavor: r-release-macos-arm64