CRAN Package Check Results for Package textclean

Last updated on 2019-03-19 02:50:19 CET.

Flavor Version Tinstall Tcheck Ttotal Status Flags
r-devel-linux-x86_64-debian-clang 0.9.3 11.90 42.53 54.43 OK
r-devel-linux-x86_64-debian-gcc 0.9.3 11.51 35.25 46.76 OK
r-devel-linux-x86_64-fedora-clang 0.9.3 66.31 NOTE
r-devel-linux-x86_64-fedora-gcc 0.9.3 68.86 NOTE
r-devel-windows-ix86+x86_64 0.9.3 25.00 75.00 100.00 OK
r-patched-linux-x86_64 0.9.3 11.66 39.16 50.82 OK
r-patched-solaris-x86 0.9.3 97.90 NOTE
r-release-linux-x86_64 0.9.3 10.89 39.68 50.57 OK
r-release-windows-ix86+x86_64 0.9.3 17.00 68.00 85.00 OK
r-release-osx-x86_64 0.9.3 NOTE
r-oldrel-windows-ix86+x86_64 0.9.3 19.00 74.00 93.00 OK
r-oldrel-osx-x86_64 0.9.3 NOTE

Check Details

Version: 0.9.3
Check: dependencies in R code
Result: NOTE
    Namespace in Imports field not imported from: ‘lexicon’
     All declared Imports should be used.
Flavors: r-devel-linux-x86_64-fedora-clang, r-devel-linux-x86_64-fedora-gcc, r-patched-solaris-x86, r-release-osx-x86_64, r-oldrel-osx-x86_64