CRAN Package Check Results for Package textclean

Last updated on 2020-02-17 00:49:30 CET.

Flavor Version Tinstall Tcheck Ttotal Status Flags
r-devel-linux-x86_64-debian-clang 0.9.3 13.19 44.60 57.79 OK
r-devel-linux-x86_64-debian-gcc 0.9.3 13.51 33.73 47.24 OK
r-devel-linux-x86_64-fedora-clang 0.9.3 70.85 NOTE
r-devel-linux-x86_64-fedora-gcc 0.9.3 68.08 NOTE
r-devel-windows-ix86+x86_64 0.9.3 25.00 57.00 82.00 OK
r-devel-windows-ix86+x86_64-gcc8 0.9.3 33.00 56.00 89.00 OK
r-patched-linux-x86_64 0.9.3 13.95 40.84 54.79 OK
r-patched-solaris-x86 0.9.3 108.40 NOTE
r-release-linux-x86_64 0.9.3 13.16 40.05 53.21 OK
r-release-windows-ix86+x86_64 0.9.3 17.00 56.00 73.00 OK
r-release-osx-x86_64 0.9.3 NOTE
r-oldrel-windows-ix86+x86_64 0.9.3 13.00 55.00 68.00 OK
r-oldrel-osx-x86_64 0.9.3 NOTE

Check Details

Version: 0.9.3
Check: dependencies in R code
Result: NOTE
    Namespace in Imports field not imported from: ‘lexicon’
     All declared Imports should be used.
Flavors: r-devel-linux-x86_64-fedora-clang, r-devel-linux-x86_64-fedora-gcc, r-patched-solaris-x86, r-release-osx-x86_64, r-oldrel-osx-x86_64