CRAN Package Check Results for Package textclean

Last updated on 2019-05-27 02:51:22 CEST.

Flavor Version Tinstall Tcheck Ttotal Status Flags
r-devel-linux-x86_64-debian-clang 0.9.3 13.16 41.46 54.62 OK
r-devel-linux-x86_64-debian-gcc 0.9.3 11.53 32.95 44.48 OK
r-devel-linux-x86_64-fedora-clang 0.9.3 66.44 NOTE
r-devel-linux-x86_64-fedora-gcc 0.9.3 67.93 NOTE
r-devel-windows-ix86+x86_64 0.9.3 17.00 70.00 87.00 OK
r-patched-linux-x86_64 0.9.3 OK
r-patched-solaris-x86 0.9.3 104.60 NOTE
r-release-linux-x86_64 0.9.3 11.98 40.65 52.63 OK
r-release-windows-ix86+x86_64 0.9.3 25.00 52.00 77.00 OK
r-release-osx-x86_64 0.9.3 NOTE
r-oldrel-windows-ix86+x86_64 0.9.3 20.00 50.00 70.00 OK
r-oldrel-osx-x86_64 0.9.3 NOTE

Check Details

Version: 0.9.3
Check: dependencies in R code
Result: NOTE
    Namespace in Imports field not imported from: ‘lexicon’
     All declared Imports should be used.
Flavors: r-devel-linux-x86_64-fedora-clang, r-devel-linux-x86_64-fedora-gcc, r-patched-solaris-x86, r-release-osx-x86_64, r-oldrel-osx-x86_64