CRAN Package Check Results for Package text2map

Last updated on 2022-01-17 23:51:39 CET.

Flavor Version Tinstall Tcheck Ttotal Status Flags
r-devel-linux-x86_64-debian-clang 0.1.1 16.94 162.80 179.74 OK
r-devel-linux-x86_64-debian-gcc 0.1.1 13.45 122.14 135.59 OK
r-devel-linux-x86_64-fedora-clang 0.1.1 226.49 NOTE
r-devel-linux-x86_64-fedora-gcc 0.1.1 200.54 NOTE
r-devel-windows-x86_64-new-UL 0.1.1 16.00 214.00 230.00 OK
r-devel-windows-x86_64-new-TK 0.1.1 NOTE
r-patched-linux-x86_64 0.1.1 15.87 153.30 169.17 OK
r-release-linux-x86_64 0.1.1 OK
r-release-macos-arm64 0.1.1 NOTE
r-release-macos-x86_64 0.1.1 NOTE
r-release-windows-ix86+x86_64 0.1.1 42.00 245.00 287.00 OK
r-oldrel-macos-x86_64 0.1.1 WARN
r-oldrel-windows-ix86+x86_64 0.1.1 40.00 254.00 294.00 WARN

Check Details

Version: 0.1.1
Check: data for non-ASCII characters
Result: NOTE
     Note: found 3 marked UTF-8 strings
Flavors: r-devel-linux-x86_64-fedora-clang, r-devel-linux-x86_64-fedora-gcc, r-devel-windows-x86_64-new-TK, r-release-macos-arm64, r-release-macos-x86_64, r-oldrel-macos-x86_64

Version: 0.1.1
Check: for unstated dependencies in examples
Result: WARN
    Warning: parse error in file 'lines':
    19: unexpected '>'
    136: ## No test:
    137: dtm <- my.corpus |>
     ^
Flavor: r-oldrel-macos-x86_64

Version: 0.1.1
Check: for unstated dependencies in examples
Result: WARN
    Warning: parse error in file 'lines':
    19: unexpected '>'
    137: ## No test:
    138: dtm <- my.corpus |>
     ^
Flavor: r-oldrel-windows-ix86+x86_64