CRAN Package Check Results for Package testextra

Last updated on 2019-11-10 23:48:42 CET.

Flavor Version Tinstall Tcheck Ttotal Status Flags
r-devel-linux-x86_64-debian-clang 0.1.0 2.98 28.82 31.80 OK
r-devel-linux-x86_64-debian-gcc 0.1.0 2.25 23.18 25.43 OK
r-devel-linux-x86_64-fedora-clang 0.1.0 40.65 NOTE
r-devel-linux-x86_64-fedora-gcc 0.1.0 38.48 NOTE
r-devel-windows-ix86+x86_64 0.1.0 8.00 46.00 54.00 OK
r-patched-linux-x86_64 0.1.0 2.23 28.61 30.84 OK
r-patched-solaris-x86 0.1.0 58.30 NOTE
r-release-linux-x86_64 0.1.0 2.54 28.56 31.10 OK
r-release-windows-ix86+x86_64 0.1.0 8.00 63.00 71.00 OK
r-release-osx-x86_64 0.1.0 NOTE
r-oldrel-windows-ix86+x86_64 0.1.0 5.00 43.00 48.00 OK
r-oldrel-osx-x86_64 0.1.0 NOTE

Check Details

Version: 0.1.0
Check: dependencies in R code
Result: NOTE
    Namespaces in Imports field not imported from:
     ‘stringi’ ‘utils’
     All declared Imports should be used.
Flavors: r-devel-linux-x86_64-fedora-clang, r-devel-linux-x86_64-fedora-gcc, r-patched-solaris-x86, r-release-osx-x86_64, r-oldrel-osx-x86_64