Last updated on 2022-07-03 23:55:59 CEST.
Flavor | Version | Tinstall | Tcheck | Ttotal | Status | Flags |
---|---|---|---|---|---|---|
r-devel-linux-x86_64-debian-clang | 5.1.0 | 22.30 | 107.54 | 129.84 | OK | |
r-devel-linux-x86_64-debian-gcc | 5.1.0 | 19.02 | 230.85 | 249.87 | OK | |
r-devel-linux-x86_64-fedora-clang | 5.1.0 | 141.42 | OK | |||
r-devel-linux-x86_64-fedora-gcc | 5.1.0 | 151.95 | OK | |||
r-devel-windows-x86_64 | 5.1.0 | 82.00 | 139.00 | 221.00 | NOTE | |
r-patched-linux-x86_64 | 5.1.0 | 17.99 | 80.75 | 98.74 | OK | |
r-release-linux-x86_64 | 5.1.0 | 20.28 | 82.07 | 102.35 | OK | |
r-release-macos-arm64 | 5.1.0 | 47.00 | NOTE | |||
r-release-macos-x86_64 | 5.1.0 | 59.00 | NOTE | |||
r-release-windows-x86_64 | 5.1.0 | 65.00 | 138.00 | 203.00 | NOTE | |
r-oldrel-macos-arm64 | 5.1.0 | 39.00 | NOTE | |||
r-oldrel-macos-x86_64 | 5.1.0 | 56.00 | NOTE | |||
r-oldrel-windows-ix86+x86_64 | 5.1.0 | 81.00 | 146.00 | 227.00 | NOTE |
Version: 5.1.0
Check: installed package size
Result: NOTE
installed size is 22.1Mb
sub-directories of 1Mb or more:
doc 1.0Mb
libs 6.9Mb
tessdata 14.0Mb
Flavors: r-devel-windows-x86_64, r-release-macos-arm64, r-release-macos-x86_64, r-release-windows-x86_64, r-oldrel-macos-arm64, r-oldrel-macos-x86_64, r-oldrel-windows-ix86+x86_64