CRAN Package Check Results for Package teamr

Last updated on 2020-05-24 23:47:57 CEST.

Flavor Version Tinstall Tcheck Ttotal Status Flags
r-devel-linux-x86_64-debian-clang 0.0.1 3.85 17.68 21.53 OK
r-devel-linux-x86_64-debian-gcc 0.0.1 3.15 13.97 17.12 OK
r-devel-linux-x86_64-fedora-clang 0.0.1 27.53 NOTE
r-devel-linux-x86_64-fedora-gcc 0.0.1 26.33 NOTE
r-devel-windows-ix86+x86_64 0.0.1 10.00 29.00 39.00 OK
r-patched-linux-x86_64 0.0.1 3.78 17.38 21.16 OK
r-patched-solaris-x86 0.0.1 39.40 NOTE
r-release-linux-x86_64 0.0.1 4.56 17.26 21.82 OK
r-release-osx-x86_64 0.0.1 NOTE
r-release-windows-ix86+x86_64 0.0.1 7.00 40.00 47.00 OK
r-oldrel-osx-x86_64 0.0.1 NOTE
r-oldrel-windows-ix86+x86_64 0.0.1 6.00 39.00 45.00 OK

Check Details

Version: 0.0.1
Check: dependencies in R code
Result: NOTE
    Namespaces in Imports field not imported from:
     ‘httr’ ‘jsonlite’
     All declared Imports should be used.
Flavors: r-devel-linux-x86_64-fedora-clang, r-devel-linux-x86_64-fedora-gcc, r-patched-solaris-x86, r-release-osx-x86_64, r-oldrel-osx-x86_64