CRAN Package Check Results for Package teamr

Last updated on 2019-10-13 23:47:34 CEST.

Flavor Version Tinstall Tcheck Ttotal Status Flags
r-devel-linux-x86_64-debian-clang 0.0.1 3.42 15.98 19.40 OK
r-devel-linux-x86_64-debian-gcc 0.0.1 3.35 13.06 16.41 OK
r-devel-linux-x86_64-fedora-clang 0.0.1 25.72 NOTE
r-devel-linux-x86_64-fedora-gcc 0.0.1 24.01 NOTE
r-devel-windows-ix86+x86_64 0.0.1 6.00 46.00 52.00 OK
r-patched-linux-x86_64 0.0.1 4.11 15.91 20.02 OK
r-patched-solaris-x86 0.0.1 35.50 NOTE
r-release-linux-x86_64 0.0.1 3.70 15.49 19.19 OK
r-release-windows-ix86+x86_64 0.0.1 8.00 30.00 38.00 OK
r-release-osx-x86_64 0.0.1 NOTE
r-oldrel-windows-ix86+x86_64 0.0.1 4.00 29.00 33.00 OK
r-oldrel-osx-x86_64 0.0.1 NOTE

Check Details

Version: 0.0.1
Check: dependencies in R code
Result: NOTE
    Namespaces in Imports field not imported from:
     ‘httr’ ‘jsonlite’
     All declared Imports should be used.
Flavors: r-devel-linux-x86_64-fedora-clang, r-devel-linux-x86_64-fedora-gcc, r-patched-solaris-x86, r-release-osx-x86_64, r-oldrel-osx-x86_64