CRAN Package Check Results for Package tci

Last updated on 2022-11-29 22:53:50 CET.

Flavor Version Tinstall Tcheck Ttotal Status Flags
r-devel-linux-x86_64-debian-clang 0.2.0 42.30 247.79 290.09 OK
r-devel-linux-x86_64-debian-gcc 0.2.0 37.28 308.69 345.97 OK
r-devel-linux-x86_64-fedora-clang 0.2.0 338.33 NOTE
r-devel-linux-x86_64-fedora-gcc 0.2.0 406.74 NOTE
r-devel-windows-x86_64 0.2.0 58.00 262.00 320.00 OK
r-patched-linux-x86_64 0.2.0 42.23 251.44 293.67 OK
r-release-linux-x86_64 0.2.0 39.71 266.19 305.90 OK
r-release-macos-arm64 0.2.0 70.00 NOTE
r-release-macos-x86_64 0.2.0 102.00 NOTE
r-release-windows-x86_64 0.2.0 140.00 260.00 400.00 OK
r-oldrel-macos-arm64 0.2.0 66.00 NOTE
r-oldrel-macos-x86_64 0.2.0 105.00 NOTE
r-oldrel-windows-ix86+x86_64 0.2.0 110.00 308.00 418.00 OK

Check Details

Version: 0.2.0
Check: dependencies in R code
Result: NOTE
    Namespaces in Imports field not imported from:
     ‘gridExtra’ ‘reshape2’ ‘truncnorm’ ‘xtable’
     All declared Imports should be used.
Flavors: r-devel-linux-x86_64-fedora-clang, r-devel-linux-x86_64-fedora-gcc, r-release-macos-arm64, r-release-macos-x86_64, r-oldrel-macos-arm64, r-oldrel-macos-x86_64

Version: 0.2.0
Check: installed package size
Result: NOTE
     installed size is 5.1Mb
     sub-directories of 1Mb or more:
     libs 3.8Mb
Flavors: r-release-macos-x86_64, r-oldrel-macos-x86_64