CRAN Package Check Results for Package tcgsaseq

Last updated on 2020-05-24 23:47:57 CEST.

Flavor Version Tinstall Tcheck Ttotal Status Flags
r-devel-linux-x86_64-debian-clang 1.8.1 6.93 69.62 76.55 OK
r-devel-linux-x86_64-debian-gcc 1.8.1 5.42 53.34 58.76 OK
r-devel-linux-x86_64-fedora-clang 1.8.1 99.17 OK
r-devel-linux-x86_64-fedora-gcc 1.8.1 89.83 OK
r-devel-windows-ix86+x86_64 1.8.1 24.00 87.00 111.00 OK
r-patched-linux-x86_64 1.8.1 6.90 67.57 74.47 OK
r-patched-solaris-x86 1.8.1 132.10 OK
r-release-linux-x86_64 1.8.1 6.87 67.31 74.18 OK
r-release-osx-x86_64 1.8.1 OK
r-release-windows-ix86+x86_64 1.8.1 22.00 116.00 138.00 OK
r-oldrel-osx-x86_64 1.8.1 NOTE
r-oldrel-windows-ix86+x86_64 1.8.1 16.00 128.00 144.00 OK

Check Details

Version: 1.8.1
Check: package dependencies
Result: NOTE
    Packages suggested but not available for checking:
     'limma', 'edgeR', 'DESeq2', 'S4Vectors'
Flavor: r-oldrel-osx-x86_64

Version: 1.8.1
Check: Rd cross-references
Result: NOTE
    Package unavailable to check Rd xrefs: ‘limma’
Flavor: r-oldrel-osx-x86_64