CRAN Package Check Results for Package taxizedb

Last updated on 2022-12-03 23:56:28 CET.

Flavor Version Tinstall Tcheck Ttotal Status Flags
r-devel-linux-x86_64-debian-clang 0.3.0 9.39 76.56 85.95 NOTE
r-devel-linux-x86_64-debian-gcc 0.3.0 7.37 56.44 63.81 NOTE
r-devel-linux-x86_64-fedora-clang 0.3.0 119.01 NOTE
r-devel-linux-x86_64-fedora-gcc 0.3.0 113.35 NOTE
r-devel-windows-x86_64 0.3.0 25.00 103.00 128.00 NOTE
r-patched-linux-x86_64 0.3.0 8.01 72.57 80.58 NOTE
r-release-linux-x86_64 0.3.0 6.98 72.37 79.35 NOTE
r-release-macos-arm64 0.3.0 30.00 NOTE
r-release-macos-x86_64 0.3.0 61.00 NOTE
r-release-windows-x86_64 0.3.0 24.00 105.00 129.00 NOTE
r-oldrel-macos-arm64 0.3.0 31.00 NOTE
r-oldrel-macos-x86_64 0.3.0 58.00 NOTE
r-oldrel-windows-ix86+x86_64 0.3.0 20.00 95.00 115.00 NOTE

Check Details

Version: 0.3.0
Check: LazyData
Result: NOTE
     'LazyData' is specified without a 'data' directory
Flavors: r-devel-linux-x86_64-debian-clang, r-devel-linux-x86_64-debian-gcc, r-devel-linux-x86_64-fedora-clang, r-devel-linux-x86_64-fedora-gcc, r-devel-windows-x86_64, r-patched-linux-x86_64, r-release-linux-x86_64, r-release-macos-arm64, r-release-macos-x86_64, r-release-windows-x86_64, r-oldrel-macos-arm64, r-oldrel-macos-x86_64, r-oldrel-windows-ix86+x86_64