CRAN Package Check Results for Package targeted

Last updated on 2022-11-25 22:51:45 CET.

Flavor Version Tinstall Tcheck Ttotal Status Flags
r-devel-linux-x86_64-debian-clang 0.3 197.77 161.76 359.53 OK
r-devel-linux-x86_64-debian-gcc 0.3 150.01 135.27 285.28 OK
r-devel-linux-x86_64-fedora-clang 0.3 492.46 OK
r-devel-linux-x86_64-fedora-gcc 0.3 461.46 OK
r-devel-windows-x86_64 0.3 154.00 197.00 351.00 OK
r-patched-linux-x86_64 0.3 OK
r-release-linux-x86_64 0.3 162.53 153.98 316.51 OK
r-release-macos-arm64 0.3 118.00 NOTE
r-release-macos-x86_64 0.3 137.00 NOTE
r-release-windows-x86_64 0.3 159.00 198.00 357.00 OK
r-oldrel-macos-arm64 0.3 107.00 NOTE
r-oldrel-macos-x86_64 0.3 140.00 NOTE
r-oldrel-windows-ix86+x86_64 0.3 458.00 243.00 701.00 OK

Check Details

Version: 0.3
Check: installed package size
Result: NOTE
     installed size is 12.1Mb
     sub-directories of 1Mb or more:
     libs 10.9Mb
Flavors: r-release-macos-arm64, r-release-macos-x86_64, r-oldrel-macos-arm64, r-oldrel-macos-x86_64