Last updated on 2023-09-21 00:56:46 CEST.
Flavor | Version | Tinstall | Tcheck | Ttotal | Status | Flags |
---|---|---|---|---|---|---|
r-devel-linux-x86_64-debian-clang | 0.3 | 188.82 | 160.70 | 349.52 | NOTE | |
r-devel-linux-x86_64-debian-gcc | 0.3 | 139.50 | 131.86 | 271.36 | NOTE | |
r-devel-linux-x86_64-fedora-clang | 0.3 | 493.99 | NOTE | |||
r-devel-linux-x86_64-fedora-gcc | 0.3 | 536.40 | NOTE | |||
r-devel-windows-x86_64 | 0.3 | 145.00 | 145.00 | 290.00 | NOTE | |
r-patched-linux-x86_64 | 0.3 | 187.55 | 152.44 | 339.99 | NOTE | |
r-release-linux-x86_64 | 0.3 | 167.50 | 151.81 | 319.31 | NOTE | |
r-release-macos-arm64 | 0.3 | 113.00 | NOTE | |||
r-release-macos-x86_64 | 0.3 | 194.00 | NOTE | |||
r-release-windows-x86_64 | 0.3 | 196.00 | 182.00 | 378.00 | NOTE | |
r-oldrel-macos-arm64 | 0.3 | 118.00 | NOTE | |||
r-oldrel-macos-x86_64 | 0.3 | 137.00 | NOTE | |||
r-oldrel-windows-x86_64 | 0.3 | 187.00 | 174.00 | 361.00 | OK |
Version: 0.3
Check: C++ specification
Result: NOTE
Specified C++11: please drop specification unless essential
Flavors: r-devel-linux-x86_64-debian-clang, r-devel-linux-x86_64-debian-gcc, r-devel-linux-x86_64-fedora-clang, r-devel-linux-x86_64-fedora-gcc, r-devel-windows-x86_64, r-patched-linux-x86_64, r-release-linux-x86_64, r-release-macos-arm64, r-release-macos-x86_64, r-release-windows-x86_64
Version: 0.3
Check: installed package size
Result: NOTE
installed size is 12.1Mb
sub-directories of 1Mb or more:
libs 10.9Mb
Flavors: r-release-macos-arm64, r-release-macos-x86_64, r-oldrel-macos-arm64, r-oldrel-macos-x86_64
Version: 0.3
Check: package dependencies
Result: NOTE
Package suggested but not available for checking: ‘SuperLearner’
Flavor: r-release-macos-x86_64