CRAN Package Check Results for Package tapnet

Last updated on 2022-06-28 23:54:17 CEST.

Flavor Version Tinstall Tcheck Ttotal Status Flags
r-devel-linux-x86_64-debian-clang 0.3 15.63 145.55 161.18 NOTE
r-devel-linux-x86_64-debian-gcc 0.3 11.93 106.46 118.39 NOTE
r-devel-linux-x86_64-fedora-clang 0.3 203.50 NOTE
r-devel-linux-x86_64-fedora-gcc 0.3 200.04 NOTE
r-devel-windows-x86_64 0.3 24.00 176.00 200.00 NOTE
r-patched-linux-x86_64 0.3 15.92 137.62 153.54 OK
r-release-linux-x86_64 0.3 12.96 139.41 152.37 OK
r-release-macos-arm64 0.3 54.00 OK
r-release-macos-x86_64 0.3 106.00 OK
r-release-windows-x86_64 0.3 23.00 167.00 190.00 OK
r-oldrel-macos-arm64 0.3 52.00 OK
r-oldrel-macos-x86_64 0.3 108.00 OK
r-oldrel-windows-ix86+x86_64 0.3 38.00 157.00 195.00 OK

Check Details

Version: 0.3
Check: Rd files
Result: NOTE
    checkRd: (-1) tapnet-package.Rd:40: Escaped LaTeX specials: \&
Flavors: r-devel-linux-x86_64-debian-clang, r-devel-linux-x86_64-debian-gcc, r-devel-linux-x86_64-fedora-clang, r-devel-linux-x86_64-fedora-gcc, r-devel-windows-x86_64