CRAN Package Check Results for Package tabulizer

Last updated on 2019-11-10 23:48:42 CET.

Flavor Version Tinstall Tcheck Ttotal Status Flags
r-devel-linux-x86_64-debian-clang 0.2.2 5.18 159.43 164.61 ERROR
r-devel-linux-x86_64-debian-gcc 0.2.2 3.91 122.12 126.03 ERROR
r-devel-linux-x86_64-fedora-clang 0.2.2 215.01 ERROR
r-devel-linux-x86_64-fedora-gcc 0.2.2 175.46 ERROR
r-devel-windows-ix86+x86_64 0.2.2 6.00 6.00 12.00 ERROR
r-patched-linux-x86_64 0.2.2 3.81 151.50 155.31 ERROR
r-patched-solaris-x86 0.2.2 141.00 ERROR
r-release-linux-x86_64 0.2.2 4.10 151.29 155.39 ERROR
r-release-windows-ix86+x86_64 0.2.2 13.00 130.00 143.00 ERROR
r-release-osx-x86_64 0.2.2 OK
r-oldrel-windows-ix86+x86_64 0.2.2 8.00 122.00 130.00 ERROR
r-oldrel-osx-x86_64 0.2.2 OK

Check Details

Version: 0.2.2
Check: tests
Result: ERROR
     Running 'testthat.R' [84s/59s]
    Running the tests in 'tests/testthat.R' failed.
    Complete output:
     > library("testthat")
     > library("tabulizer")
     >
     > stop_logging()
     > test_check("tabulizer")
     WARNING: An illegal reflective access operation has occurred
     WARNING: Illegal reflective access by RJavaTools to method java.util.ArrayList$Itr.hasNext()
     WARNING: Please consider reporting this to the maintainers of RJavaTools
     WARNING: Use --illegal-access=warn to enable warnings of further illegal reflective access operations
     WARNING: All illegal access operations will be denied in a future release
     -- 1. Error: Extract from encrypted PDF (@test_extract_tables.R#64) -----------
     no field, method or inner class called 'trace'
     Backtrace:
     1. testthat::expect_error(extract_tables(f6, password = "wrongpassword"))
     14. rlang::cnd_entrace(cnd)
     17. rJava:::`$.Throwable`(cnd, "trace")
     18. rJava:::._jobjRef_dollar(x[["jobj"]], name)
    
     == testthat results ===========================================================
     [ OK: 86 | SKIPPED: 1 | WARNINGS: 0 | FAILED: 1 ]
     1. Error: Extract from encrypted PDF (@test_extract_tables.R#64)
    
     Error: testthat unit tests failed
     Execution halted
Flavor: r-devel-linux-x86_64-debian-clang

Version: 0.2.2
Check: tests
Result: ERROR
     Running ‘testthat.R’ [64s/60s]
    Running the tests in ‘tests/testthat.R’ failed.
    Complete output:
     > library("testthat")
     > library("tabulizer")
     >
     > stop_logging()
     > test_check("tabulizer")
     WARNING: An illegal reflective access operation has occurred
     WARNING: Illegal reflective access by RJavaTools to method java.util.ArrayList$Itr.hasNext()
     WARNING: Please consider reporting this to the maintainers of RJavaTools
     WARNING: Use --illegal-access=warn to enable warnings of further illegal reflective access operations
     WARNING: All illegal access operations will be denied in a future release
     ── 1. Error: Extract from encrypted PDF (@test_extract_tables.R#64) ───────────
     no field, method or inner class called 'trace'
     Backtrace:
     1. testthat::expect_error(extract_tables(f6, password = "wrongpassword"))
     14. rlang::cnd_entrace(cnd)
     17. rJava:::`$.Throwable`(cnd, "trace")
     18. rJava:::._jobjRef_dollar(x[["jobj"]], name)
    
     ══ testthat results ═══════════════════════════════════════════════════════════
     [ OK: 86 | SKIPPED: 1 | WARNINGS: 0 | FAILED: 1 ]
     1. Error: Extract from encrypted PDF (@test_extract_tables.R#64)
    
     Error: testthat unit tests failed
     Execution halted
Flavor: r-devel-linux-x86_64-debian-gcc

Version: 0.2.2
Check: tests
Result: ERROR
     Running ‘testthat.R’ [107s/139s]
    Running the tests in ‘tests/testthat.R’ failed.
    Complete output:
     > library("testthat")
     > library("tabulizer")
     >
     > stop_logging()
     > test_check("tabulizer")
     WARNING: An illegal reflective access operation has occurred
     WARNING: Illegal reflective access by RJavaTools to method java.util.ArrayList$Itr.hasNext()
     WARNING: Please consider reporting this to the maintainers of RJavaTools
     WARNING: Use --illegal-access=warn to enable warnings of further illegal reflective access operations
     WARNING: All illegal access operations will be denied in a future release
     ── 1. Error: Extract from encrypted PDF (@test_extract_tables.R#64) ───────────
     no field, method or inner class called 'trace'
     Backtrace:
     1. testthat::expect_error(extract_tables(f6, password = "wrongpassword"))
     14. rlang::cnd_entrace(cnd)
     17. rJava:::`$.Throwable`(cnd, "trace")
     18. rJava:::._jobjRef_dollar(x[["jobj"]], name)
    
     ══ testthat results ═══════════════════════════════════════════════════════════
     [ OK: 86 | SKIPPED: 1 | WARNINGS: 0 | FAILED: 1 ]
     1. Error: Extract from encrypted PDF (@test_extract_tables.R#64)
    
     Error: testthat unit tests failed
     Execution halted
Flavor: r-devel-linux-x86_64-fedora-clang

Version: 0.2.2
Check: tests
Result: ERROR
     Running ‘testthat.R’ [87s/82s]
    Running the tests in ‘tests/testthat.R’ failed.
    Complete output:
     > library("testthat")
     > library("tabulizer")
     >
     > stop_logging()
     > test_check("tabulizer")
     ── 1. Error: Extract from encrypted PDF (@test_extract_tables.R#64) ───────────
     no field, method or inner class called 'trace'
     Backtrace:
     1. testthat::expect_error(extract_tables(f6, password = "wrongpassword"))
     14. rlang::cnd_entrace(cnd)
     17. rJava:::`$.Throwable`(cnd, "trace")
     18. rJava:::._jobjRef_dollar(x[["jobj"]], name)
    
     ══ testthat results ═══════════════════════════════════════════════════════════
     [ OK: 86 | SKIPPED: 1 | WARNINGS: 0 | FAILED: 1 ]
     1. Error: Extract from encrypted PDF (@test_extract_tables.R#64)
    
     Error: testthat unit tests failed
     Execution halted
Flavor: r-devel-linux-x86_64-fedora-gcc

Version: 0.2.2
Check: whether package can be installed
Result: ERROR
    Installation failed.
Flavor: r-devel-windows-ix86+x86_64

Version: 0.2.2
Check: tests
Result: ERROR
     Running ‘testthat.R’ [79s/56s]
    Running the tests in ‘tests/testthat.R’ failed.
    Complete output:
     > library("testthat")
     > library("tabulizer")
     >
     > stop_logging()
     > test_check("tabulizer")
     WARNING: An illegal reflective access operation has occurred
     WARNING: Illegal reflective access by RJavaTools to method java.util.ArrayList$Itr.hasNext()
     WARNING: Please consider reporting this to the maintainers of RJavaTools
     WARNING: Use --illegal-access=warn to enable warnings of further illegal reflective access operations
     WARNING: All illegal access operations will be denied in a future release
     ── 1. Error: Extract from encrypted PDF (@test_extract_tables.R#64) ───────────
     no field, method or inner class called 'trace'
     Backtrace:
     1. testthat::expect_error(extract_tables(f6, password = "wrongpassword"))
     14. rlang::cnd_entrace(cnd)
     17. rJava:::`$.Throwable`(cnd, "trace")
     18. rJava:::._jobjRef_dollar(x[["jobj"]], name)
    
     ══ testthat results ═══════════════════════════════════════════════════════════
     [ OK: 86 | SKIPPED: 1 | WARNINGS: 0 | FAILED: 1 ]
     1. Error: Extract from encrypted PDF (@test_extract_tables.R#64)
    
     Error: testthat unit tests failed
     Execution halted
Flavor: r-patched-linux-x86_64

Version: 0.2.2
Check: tests
Result: ERROR
     Running ‘testthat.R’ [47s/163s]
    Running the tests in ‘tests/testthat.R’ failed.
    Complete output:
     > library("testthat")
     > library("tabulizer")
     >
     > stop_logging()
     > test_check("tabulizer")
     ── 1. Error: Extract from encrypted PDF (@test_extract_tables.R#64) ───────────
     no field, method or inner class called 'trace'
     Backtrace:
     1. testthat::expect_error(extract_tables(f6, password = "wrongpassword"))
     14. rlang::cnd_entrace(cnd)
     17. rJava:::`$.Throwable`(cnd, "trace")
     18. rJava:::._jobjRef_dollar(x[["jobj"]], name)
    
     ══ testthat results ═══════════════════════════════════════════════════════════
     [ OK: 86 | SKIPPED: 1 | WARNINGS: 0 | FAILED: 1 ]
     1. Error: Extract from encrypted PDF (@test_extract_tables.R#64)
    
     Error: testthat unit tests failed
     Execution halted
Flavor: r-patched-solaris-x86

Version: 0.2.2
Check: tests
Result: ERROR
     Running ‘testthat.R’ [76s/57s]
    Running the tests in ‘tests/testthat.R’ failed.
    Complete output:
     > library("testthat")
     > library("tabulizer")
     >
     > stop_logging()
     > test_check("tabulizer")
     WARNING: An illegal reflective access operation has occurred
     WARNING: Illegal reflective access by RJavaTools to method java.util.ArrayList$Itr.hasNext()
     WARNING: Please consider reporting this to the maintainers of RJavaTools
     WARNING: Use --illegal-access=warn to enable warnings of further illegal reflective access operations
     WARNING: All illegal access operations will be denied in a future release
     ── 1. Error: Extract from encrypted PDF (@test_extract_tables.R#64) ───────────
     no field, method or inner class called 'trace'
     Backtrace:
     1. testthat::expect_error(extract_tables(f6, password = "wrongpassword"))
     14. rlang::cnd_entrace(cnd)
     17. rJava:::`$.Throwable`(cnd, "trace")
     18. rJava:::._jobjRef_dollar(x[["jobj"]], name)
    
     ══ testthat results ═══════════════════════════════════════════════════════════
     [ OK: 86 | SKIPPED: 1 | WARNINGS: 0 | FAILED: 1 ]
     1. Error: Extract from encrypted PDF (@test_extract_tables.R#64)
    
     Error: testthat unit tests failed
     Execution halted
Flavor: r-release-linux-x86_64

Version: 0.2.2
Check: tests
Result: ERROR
     Running 'testthat.R' [46s]
    Running the tests in 'tests/testthat.R' failed.
    Complete output:
     > library("testthat")
     > library("tabulizer")
     >
     > stop_logging()
     > test_check("tabulizer")
     -- 1. Error: Extract from encrypted PDF (@test_extract_tables.R#64) -----------
     no field, method or inner class called 'trace'
     Backtrace:
     1. testthat::expect_error(extract_tables(f6, password = "wrongpassword"))
     14. rlang::cnd_entrace(cnd)
     17. rJava:::`$.Throwable`(cnd, "trace")
     18. rJava:::._jobjRef_dollar(x[["jobj"]], name)
    
     == testthat results ===========================================================
     [ OK: 86 | SKIPPED: 1 | WARNINGS: 0 | FAILED: 1 ]
     1. Error: Extract from encrypted PDF (@test_extract_tables.R#64)
    
     Error: testthat unit tests failed
     Execution halted
Flavor: r-release-windows-ix86+x86_64

Version: 0.2.2
Check: tests
Result: ERROR
     Running 'testthat.R' [54s]
    Running the tests in 'tests/testthat.R' failed.
    Complete output:
     > library("testthat")
     > library("tabulizer")
     >
     > stop_logging()
     > test_check("tabulizer")
     -- 1. Error: Read French language PDF w/correct encoding (@test_non-latin.R#15)
     cannot open URL 'http://www.europarl.europa.eu/oeil/popups/printfichetechnical.pdf?id=673511&lang=fr'
     1: extract_text(f2, page = 1, encoding = "latin1") at testthat/test_non-latin.R:15
     2: load_doc(file, password = password, copy = copy)
     3: localize_file(path = file, copy = copy)
     4: utils::download.file(path, tmp, quiet = quiet, mode = "wb")
    
     == testthat results ===========================================================
     [ OK: 89 | SKIPPED: 0 | WARNINGS: 1 | FAILED: 1 ]
     1. Error: Read French language PDF w/correct encoding (@test_non-latin.R#15)
    
     Error: testthat unit tests failed
     Execution halted
Flavor: r-oldrel-windows-ix86+x86_64