CRAN Package Check Results for Package tabula

Last updated on 2019-10-13 23:47:34 CEST.

Flavor Version Tinstall Tcheck Ttotal Status Flags
r-devel-linux-x86_64-debian-clang 1.3.0 9.93 176.31 186.24 OK
r-devel-linux-x86_64-debian-gcc 1.3.0 7.88 128.28 136.16 OK
r-devel-linux-x86_64-fedora-clang 1.3.0 219.67 NOTE
r-devel-linux-x86_64-fedora-gcc 1.3.0 214.02 NOTE
r-devel-windows-ix86+x86_64 1.3.0 15.00 292.00 307.00 OK
r-patched-linux-x86_64 1.3.0 9.13 164.92 174.05 OK
r-patched-solaris-x86 1.3.0 279.90 NOTE
r-release-linux-x86_64 1.3.0 8.52 167.63 176.15 OK
r-release-windows-ix86+x86_64 1.3.0 23.00 173.00 196.00 OK
r-release-osx-x86_64 1.3.0 NOTE
r-oldrel-windows-ix86+x86_64 1.3.0 15.00 191.00 206.00 OK
r-oldrel-osx-x86_64 1.3.0 NOTE

Additional issues

noLD

Check Details

Version: 1.3.0
Check: dependencies in R code
Result: NOTE
    Namespace in Imports field not imported from: ‘ggplot2’
     All declared Imports should be used.
Flavors: r-devel-linux-x86_64-fedora-clang, r-devel-linux-x86_64-fedora-gcc, r-patched-solaris-x86, r-release-osx-x86_64, r-oldrel-osx-x86_64