CRAN Package Check Results for Package tableone

Last updated on 2022-07-05 23:55:53 CEST.

Flavor Version Tinstall Tcheck Ttotal Status Flags
r-devel-linux-x86_64-debian-clang 0.13.2 9.05 207.56 216.61 OK
r-devel-linux-x86_64-debian-gcc 0.13.2 8.43 179.40 187.83 OK
r-devel-linux-x86_64-fedora-clang 0.13.2 300.55 WARN
r-devel-linux-x86_64-fedora-gcc 0.13.2 324.09 WARN
r-devel-windows-x86_64 0.13.2 43.00 283.00 326.00 OK
r-patched-linux-x86_64 0.13.2 7.58 228.55 236.13 OK
r-release-linux-x86_64 0.13.2 6.91 232.91 239.82 OK
r-release-macos-arm64 0.13.2 77.00 OK
r-release-macos-x86_64 0.13.2 132.00 OK
r-release-windows-x86_64 0.13.2 24.00 300.00 324.00 OK
r-oldrel-macos-arm64 0.13.2 77.00 OK
r-oldrel-macos-x86_64 0.13.2 129.00 OK
r-oldrel-windows-ix86+x86_64 0.13.2 22.00 256.00 278.00 OK

Check Details

Version: 0.13.2
Check: package dependencies
Result: WARN
    Requires (indirectly) orphaned package: ‘gtools’
Flavors: r-devel-linux-x86_64-fedora-clang, r-devel-linux-x86_64-fedora-gcc