Last updated on 2023-01-30 23:56:34 CET.
Flavor | Version | Tinstall | Tcheck | Ttotal | Status | Flags |
---|---|---|---|---|---|---|
r-devel-linux-x86_64-debian-clang | 2.1.1 | 4.85 | 62.44 | 67.29 | OK | |
r-devel-linux-x86_64-debian-gcc | 2.1.1 | 3.91 | 44.92 | 48.83 | OK | |
r-devel-linux-x86_64-fedora-clang | 2.1.1 | 81.10 | NOTE | |||
r-devel-linux-x86_64-fedora-gcc | 2.1.1 | 92.42 | OK | |||
r-devel-windows-x86_64 | 2.1.1 | 45.00 | 111.00 | 156.00 | NOTE | |
r-patched-linux-x86_64 | 2.1.1 | 11.17 | 59.69 | 70.86 | OK | |
r-release-linux-x86_64 | 2.1.1 | 3.24 | 54.52 | 57.76 | OK | |
r-release-macos-arm64 | 2.1.1 | 36.00 | NOTE | |||
r-release-macos-x86_64 | 2.1.1 | 41.00 | NOTE | |||
r-release-windows-x86_64 | 2.1.1 | 19.00 | 114.00 | 133.00 | NOTE | |
r-oldrel-macos-arm64 | 2.1.1 | 47.00 | NOTE | |||
r-oldrel-macos-x86_64 | 2.1.1 | 48.00 | NOTE | |||
r-oldrel-windows-ix86+x86_64 | 2.1.1 | 11.00 | 99.00 | 110.00 | NOTE |
Version: 2.1.1
Check: installed package size
Result: NOTE
installed size is 6.1Mb
sub-directories of 1Mb or more:
doc 5.9Mb
Flavors: r-devel-linux-x86_64-fedora-clang, r-devel-windows-x86_64, r-release-macos-arm64, r-release-macos-x86_64, r-release-windows-x86_64, r-oldrel-macos-arm64, r-oldrel-macos-x86_64, r-oldrel-windows-ix86+x86_64