CRAN Package Check Results for Package sysid

Last updated on 2019-07-15 00:50:53 CEST.

Flavor Version Tinstall Tcheck Ttotal Status Flags
r-devel-linux-x86_64-debian-clang 1.0.4 5.88 55.58 61.46 NOTE
r-devel-linux-x86_64-debian-gcc 1.0.4 5.49 43.45 48.94 NOTE
r-devel-linux-x86_64-fedora-clang 1.0.4 74.04 NOTE
r-devel-linux-x86_64-fedora-gcc 1.0.4 69.47 NOTE
r-devel-windows-ix86+x86_64 1.0.4 16.00 78.00 94.00 OK
r-patched-linux-x86_64 1.0.4 5.43 54.86 60.29 OK
r-patched-solaris-x86 1.0.4 117.60 OK
r-release-linux-x86_64 1.0.4 5.63 54.46 60.09 OK
r-release-windows-ix86+x86_64 1.0.4 15.00 116.00 131.00 OK
r-release-osx-x86_64 1.0.4 OK
r-oldrel-windows-ix86+x86_64 1.0.4 15.00 63.00 78.00 OK
r-oldrel-osx-x86_64 1.0.4 OK

Check Details

Version: 1.0.4
Check: for non-standard things in the check directory
Result: NOTE
    Found the following files/directories:
     'test.csv'
Flavors: r-devel-linux-x86_64-debian-clang, r-devel-linux-x86_64-debian-gcc, r-devel-linux-x86_64-fedora-clang, r-devel-linux-x86_64-fedora-gcc