CRAN Package Check Results for Package sysid

Last updated on 2024-06-14 00:54:01 CEST.

Flavor Version Tinstall Tcheck Ttotal Status Flags
r-devel-linux-x86_64-debian-clang 1.0.4 10.83 81.01 91.84 NOTE
r-devel-linux-x86_64-debian-gcc 1.0.4 0.42 1.75 2.17 ERROR
r-devel-linux-x86_64-fedora-clang 1.0.4 113.79 NOTE
r-devel-linux-x86_64-fedora-gcc 1.0.4 105.07 NOTE
r-devel-windows-x86_64 1.0.4 9.00 87.00 96.00 OK
r-patched-linux-x86_64 1.0.4 9.14 75.39 84.53 NOTE
r-release-linux-x86_64 1.0.4 8.26 77.43 85.69 NOTE
r-release-macos-arm64 1.0.4 33.00 OK
r-release-macos-x86_64 1.0.4 57.00 OK
r-release-windows-x86_64 1.0.4 10.00 91.00 101.00 OK
r-oldrel-macos-arm64 1.0.4 36.00 OK
r-oldrel-macos-x86_64 1.0.4 52.00 OK
r-oldrel-windows-x86_64 1.0.4 10.00 99.00 109.00 OK

Check Details

Version: 1.0.4
Check: for non-standard things in the check directory
Result: NOTE Found the following files/directories: ‘test.csv’ Flavors: r-devel-linux-x86_64-debian-clang, r-devel-linux-x86_64-fedora-clang, r-devel-linux-x86_64-fedora-gcc, r-patched-linux-x86_64, r-release-linux-x86_64

Version: 1.0.4
Check: package dependencies
Result: ERROR Packages required but not available: 'ggplot2', 'reshape2' See section ‘The DESCRIPTION file’ in the ‘Writing R Extensions’ manual. Flavor: r-devel-linux-x86_64-debian-gcc