CRAN Package Check Results for Package sysid

Last updated on 2019-11-10 23:48:42 CET.

Flavor Version Tinstall Tcheck Ttotal Status Flags
r-devel-linux-x86_64-debian-clang 1.0.4 5.74 56.30 62.04 NOTE
r-devel-linux-x86_64-debian-gcc 1.0.4 5.07 42.58 47.65 NOTE
r-devel-linux-x86_64-fedora-clang 1.0.4 77.27 NOTE
r-devel-linux-x86_64-fedora-gcc 1.0.4 73.58 NOTE
r-devel-windows-ix86+x86_64 1.0.4 16.00 74.00 90.00 OK
r-patched-linux-x86_64 1.0.4 5.82 52.53 58.35 OK
r-patched-solaris-x86 1.0.4 113.10 OK
r-release-linux-x86_64 1.0.4 6.07 54.22 60.29 OK
r-release-windows-ix86+x86_64 1.0.4 23.00 76.00 99.00 OK
r-release-osx-x86_64 1.0.4 OK
r-oldrel-windows-ix86+x86_64 1.0.4 15.00 75.00 90.00 OK
r-oldrel-osx-x86_64 1.0.4 OK

Check Details

Version: 1.0.4
Check: for non-standard things in the check directory
Result: NOTE
    Found the following files/directories:
     'test.csv'
Flavors: r-devel-linux-x86_64-debian-clang, r-devel-linux-x86_64-debian-gcc, r-devel-linux-x86_64-fedora-clang, r-devel-linux-x86_64-fedora-gcc