CRAN Package Check Results for Package sysfonts

Last updated on 2022-11-29 22:53:50 CET.

Flavor Version Tinstall Tcheck Ttotal Status Flags
r-devel-linux-x86_64-debian-clang 0.8.8 4.94 26.13 31.07 OK
r-devel-linux-x86_64-debian-gcc 0.8.8 3.21 20.28 23.49 OK
r-devel-linux-x86_64-fedora-clang 0.8.8 49.54 OK
r-devel-linux-x86_64-fedora-gcc 0.8.8 47.34 OK
r-devel-windows-x86_64 0.8.8 33.00 70.00 103.00 OK
r-patched-linux-x86_64 0.8.8 4.27 24.53 28.80 OK
r-release-linux-x86_64 0.8.8 3.59 24.73 28.32 OK
r-release-macos-arm64 0.8.8 20.00 NOTE
r-release-macos-x86_64 0.8.8 32.00 NOTE
r-release-windows-x86_64 0.8.8 26.00 64.00 90.00 OK
r-oldrel-macos-arm64 0.8.8 41.00 NOTE
r-oldrel-macos-x86_64 0.8.8 44.00 NOTE
r-oldrel-windows-ix86+x86_64 0.8.8 13.00 56.00 69.00 OK

Check Details

Version: 0.8.8
Check: installed package size
Result: NOTE
     installed size is 17.4Mb
     sub-directories of 1Mb or more:
     fonts 1.7Mb
     libs 15.5Mb
Flavors: r-release-macos-arm64, r-release-macos-x86_64, r-oldrel-macos-arm64, r-oldrel-macos-x86_64