CRAN Package Check Results for Package syntaxr

Last updated on 2021-04-17 23:48:42 CEST.

Flavor Version Tinstall Tcheck Ttotal Status Flags
r-devel-linux-x86_64-debian-clang 0.8.0 1.88 21.68 23.56 NOTE
r-devel-linux-x86_64-debian-gcc 0.8.0 1.48 17.15 18.63 NOTE
r-devel-linux-x86_64-fedora-clang 0.8.0 40.20 NOTE
r-devel-linux-x86_64-fedora-gcc 0.8.0 29.40 NOTE
r-devel-windows-ix86+x86_64 0.8.0 5.00 38.00 43.00 NOTE
r-devel-windows-x86_64-gcc10-UCRT 0.8.0 NOTE
r-patched-linux-x86_64 0.8.0 1.84 21.04 22.88 OK
r-patched-solaris-x86 0.8.0 44.40 OK
r-release-linux-x86_64 0.8.0 1.94 20.95 22.89 OK
r-release-macos-x86_64 0.8.0 OK
r-release-windows-ix86+x86_64 0.8.0 4.00 40.00 44.00 OK
r-oldrel-macos-x86_64 0.8.0 OK
r-oldrel-windows-ix86+x86_64 0.8.0 2.00 38.00 40.00 OK

Check Details

Version: 0.8.0
Check: LazyData
Result: NOTE
     'LazyData' is specified without a 'data' directory
Flavors: r-devel-linux-x86_64-debian-clang, r-devel-linux-x86_64-debian-gcc, r-devel-linux-x86_64-fedora-clang, r-devel-linux-x86_64-fedora-gcc, r-devel-windows-ix86+x86_64, r-devel-windows-x86_64-gcc10-UCRT