CRAN Package Check Results for Package symbolicDA

Last updated on 2022-11-29 22:53:49 CET.

Flavor Version Tinstall Tcheck Ttotal Status Flags
r-devel-linux-x86_64-debian-clang 0.6-3 21.25 591.96 613.21 NOTE
r-devel-linux-x86_64-debian-gcc 0.6-3 19.50 404.07 423.57 NOTE
r-devel-linux-x86_64-fedora-clang 0.6-3 721.29 NOTE
r-devel-linux-x86_64-fedora-gcc 0.6-3 714.12 NOTE
r-devel-windows-x86_64 0.6-3 58.00 126.00 184.00 NOTE --no-examples --no-tests --no-vignettes
r-patched-linux-x86_64 0.6-3 22.68 542.69 565.37 OK
r-release-linux-x86_64 0.6-3 25.76 548.84 574.60 OK
r-release-macos-arm64 0.6-3 112.00 OK
r-release-macos-x86_64 0.6-3 200.00 OK
r-release-windows-x86_64 0.6-3 57.00 127.00 184.00 OK --no-examples --no-tests --no-vignettes
r-oldrel-macos-arm64 0.6-3 117.00 OK
r-oldrel-macos-x86_64 0.6-3 192.00 OK
r-oldrel-windows-ix86+x86_64 0.6-3 52.00 143.00 195.00 OK --no-examples --no-tests --no-vignettes

Check Details

Version: 0.6-3
Check: Rd files
Result: NOTE
    checkRd: (-1) HINoV.SDA.rd:5: Escaped LaTeX specials: \&
Flavors: r-devel-linux-x86_64-debian-clang, r-devel-linux-x86_64-debian-gcc, r-devel-linux-x86_64-fedora-clang, r-devel-linux-x86_64-fedora-gcc

Version: 0.6-3
Flags: --no-examples --no-tests --no-vignettes
Check: Rd files
Result: NOTE
    checkRd: (-1) HINoV.SDA.rd:5: Escaped LaTeX specials: \&
Flavor: r-devel-windows-x86_64