CRAN Package Check Results for Package sybilccFBA

Last updated on 2020-09-27 23:49:41 CEST.

Flavor Version Tinstall Tcheck Ttotal Status Flags
r-devel-linux-x86_64-debian-clang 3.0.1 14.92 95.47 110.39 OK
r-devel-linux-x86_64-debian-gcc 3.0.1 12.81 73.59 86.40 OK
r-devel-linux-x86_64-fedora-clang 3.0.1 153.02 NOTE
r-devel-linux-x86_64-fedora-gcc 3.0.1 136.50 NOTE
r-devel-windows-ix86+x86_64 3.0.1 31.00 88.00 119.00 NOTE
r-patched-linux-x86_64 3.0.1 17.20 90.05 107.25 OK
r-patched-solaris-x86 3.0.1 182.00 NOTE
r-release-linux-x86_64 3.0.1 15.71 90.01 105.72 OK
r-release-macos-x86_64 3.0.1 NOTE
r-release-windows-ix86+x86_64 3.0.1 32.00 108.00 140.00 NOTE
r-oldrel-macos-x86_64 3.0.1 NOTE
r-oldrel-windows-ix86+x86_64 3.0.1 29.00 110.00 139.00 NOTE

Check Details

Version: 3.0.1
Check: package dependencies
Result: NOTE
    Package suggested but not available for checking: ‘cplexAPI’
Flavors: r-devel-linux-x86_64-fedora-clang, r-devel-linux-x86_64-fedora-gcc, r-devel-windows-ix86+x86_64, r-patched-solaris-x86, r-release-macos-x86_64, r-release-windows-ix86+x86_64, r-oldrel-macos-x86_64, r-oldrel-windows-ix86+x86_64

Version: 3.0.1
Check: installed package size
Result: NOTE
     installed size is 5.2Mb
     sub-directories of 1Mb or more:
     extdata 4.2Mb
Flavors: r-devel-linux-x86_64-fedora-clang, r-devel-windows-ix86+x86_64, r-patched-solaris-x86, r-release-macos-x86_64, r-release-windows-ix86+x86_64, r-oldrel-macos-x86_64, r-oldrel-windows-ix86+x86_64

Version: 3.0.1
Check: data for non-ASCII characters
Result: NOTE
     Note: found 1 marked UTF-8 string
Flavors: r-devel-linux-x86_64-fedora-clang, r-devel-linux-x86_64-fedora-gcc, r-patched-solaris-x86, r-release-macos-x86_64, r-oldrel-macos-x86_64