CRAN Package Check Results for Package sybilccFBA

Last updated on 2022-01-23 23:50:32 CET.

Flavor Version Tinstall Tcheck Ttotal Status Flags
r-devel-linux-x86_64-debian-clang 3.0.1 13.20 103.03 116.23 NOTE
r-devel-linux-x86_64-debian-gcc 3.0.1 15.81 90.18 105.99 NOTE
r-devel-linux-x86_64-fedora-clang 3.0.1 154.57 NOTE
r-devel-linux-x86_64-fedora-gcc 3.0.1 136.90 NOTE
r-devel-windows-x86_64-new-UL 3.0.1 84.00 122.00 206.00 NOTE
r-devel-windows-x86_64-new-TK 3.0.1 NOTE
r-patched-linux-x86_64 3.0.1 18.44 99.80 118.24 NOTE
r-release-linux-x86_64 3.0.1 14.88 100.05 114.93 NOTE
r-release-macos-arm64 3.0.1 NOTE
r-release-macos-x86_64 3.0.1 NOTE
r-release-windows-ix86+x86_64 3.0.1 31.00 118.00 149.00 NOTE
r-oldrel-macos-x86_64 3.0.1 NOTE
r-oldrel-windows-ix86+x86_64 3.0.1 31.00 117.00 148.00 NOTE

Check Details

Version: 3.0.1
Check: package dependencies
Result: NOTE
    Package suggested but not available for checking: 'cplexAPI'
Flavors: r-devel-linux-x86_64-debian-clang, r-devel-linux-x86_64-debian-gcc, r-devel-linux-x86_64-fedora-clang, r-devel-linux-x86_64-fedora-gcc, r-devel-windows-x86_64-new-UL, r-devel-windows-x86_64-new-TK, r-patched-linux-x86_64, r-release-linux-x86_64, r-release-macos-arm64, r-release-macos-x86_64, r-release-windows-ix86+x86_64, r-oldrel-macos-x86_64, r-oldrel-windows-ix86+x86_64

Version: 3.0.1
Check: installed package size
Result: NOTE
     installed size is 5.2Mb
     sub-directories of 1Mb or more:
     extdata 4.2Mb
Flavors: r-devel-linux-x86_64-fedora-clang, r-devel-windows-x86_64-new-UL, r-release-macos-arm64, r-release-macos-x86_64, r-release-windows-ix86+x86_64, r-oldrel-macos-x86_64, r-oldrel-windows-ix86+x86_64

Version: 3.0.1
Check: data for non-ASCII characters
Result: NOTE
     Note: found 1 marked UTF-8 string
Flavors: r-devel-linux-x86_64-fedora-clang, r-devel-linux-x86_64-fedora-gcc, r-devel-windows-x86_64-new-TK, r-release-macos-arm64, r-release-macos-x86_64, r-oldrel-macos-x86_64