CRAN Package Check Results for Package swmmr

Last updated on 2022-11-29 22:53:49 CET.

Flavor Version Tinstall Tcheck Ttotal Status Flags
r-devel-linux-x86_64-debian-clang 0.9.1 25.25 66.79 92.04 NOTE
r-devel-linux-x86_64-debian-gcc 0.9.1 20.16 51.08 71.24 NOTE
r-devel-linux-x86_64-fedora-clang 0.9.1 134.78 NOTE
r-devel-linux-x86_64-fedora-gcc 0.9.1 120.99 NOTE
r-devel-windows-x86_64 0.9.1 88.00 134.00 222.00 NOTE
r-patched-linux-x86_64 0.9.1 19.62 58.61 78.23 NOTE
r-release-linux-x86_64 0.9.1 15.63 56.93 72.56 NOTE
r-release-macos-arm64 0.9.1 34.00 NOTE
r-release-macos-x86_64 0.9.1 57.00 NOTE
r-release-windows-x86_64 0.9.1 30.00 115.00 145.00 NOTE
r-oldrel-macos-arm64 0.9.1 36.00 NOTE
r-oldrel-macos-x86_64 0.9.1 66.00 NOTE
r-oldrel-windows-ix86+x86_64 0.9.1 57.00 116.00 173.00 NOTE

Check Details

Version: 0.9.1
Check: LazyData
Result: NOTE
     'LazyData' is specified without a 'data' directory
Flavors: r-devel-linux-x86_64-debian-clang, r-devel-linux-x86_64-debian-gcc, r-devel-linux-x86_64-fedora-clang, r-devel-linux-x86_64-fedora-gcc, r-devel-windows-x86_64, r-patched-linux-x86_64, r-release-linux-x86_64, r-release-macos-arm64, r-release-macos-x86_64, r-release-windows-x86_64, r-oldrel-macos-arm64, r-oldrel-macos-x86_64, r-oldrel-windows-ix86+x86_64